{"id":1666,"date":"2021-06-07T19:56:19","date_gmt":"2021-06-07T18:56:19","guid":{"rendered":"https:\/\/www.isalebon.fr\/?page_id=1666"},"modified":"2021-06-07T20:02:43","modified_gmt":"2021-06-07T19:02:43","slug":"narcisse","status":"publish","type":"page","link":"https:\/\/www.isalebon.fr\/?page_id=1666","title":{"rendered":"Narcisse"},"content":{"rendered":"<div id=\"textphotos\"><!-- default-view.php -->\n<div\n\tclass=\"ngg-galleryoverview default-view  ngg-ajax-pagination-none\"\n\tid=\"ngg-gallery-6f06dc5ab09bcdb31d67533c937750fe-1\">\n\n\t\t<!-- Thumbnails -->\n\t\t\t\t<div id=\"ngg-image-0\" class=\"ngg-gallery-thumbnail-box \" >\n\t\t\t\t        <div class=\"ngg-gallery-thumbnail\">\n            <a href=\"https:\/\/www.isalebon.fr\/wp-isa\/wp-content\/gallery\/narcisse\/narcisse-01.jpg\"\n               title=\"\"\n               data-src=\"https:\/\/www.isalebon.fr\/wp-isa\/wp-content\/gallery\/narcisse\/narcisse-01.jpg\"\n               data-thumbnail=\"https:\/\/www.isalebon.fr\/wp-isa\/wp-content\/gallery\/narcisse\/thumbs\/thumbs_narcisse-01.jpg\"\n               data-image-id=\"791\"\n               data-title=\"narcisse-01\"\n               data-description=\"\"\n               data-image-slug=\"narcisse-01\"\n               >\n                <img\n                    title=\"narcisse-01\"\n                    alt=\"narcisse-01\"\n                    src=\"https:\/\/www.isalebon.fr\/wp-isa\/wp-content\/gallery\/narcisse\/thumbs\/thumbs_narcisse-01.jpg\"\n                    width=\"150\"\n                    height=\"150\"\n                    style=\"max-width:100%;\"\n                \/>\n            <\/a>\n        <\/div>\n\t\t\t\t\t\t\t<\/div> \n\t\t\t\n\t\t\t\t<div id=\"ngg-image-1\" class=\"ngg-gallery-thumbnail-box \" >\n\t\t\t\t        <div class=\"ngg-gallery-thumbnail\">\n            <a href=\"https:\/\/www.isalebon.fr\/wp-isa\/wp-content\/gallery\/narcisse\/narcisse-02.jpg\"\n               title=\"\"\n               data-src=\"https:\/\/www.isalebon.fr\/wp-isa\/wp-content\/gallery\/narcisse\/narcisse-02.jpg\"\n               data-thumbnail=\"https:\/\/www.isalebon.fr\/wp-isa\/wp-content\/gallery\/narcisse\/thumbs\/thumbs_narcisse-02.jpg\"\n               data-image-id=\"792\"\n               data-title=\"narcisse-02\"\n               data-description=\"\"\n               data-image-slug=\"narcisse-02\"\n               >\n                <img\n                    title=\"narcisse-02\"\n                    alt=\"narcisse-02\"\n                    src=\"https:\/\/www.isalebon.fr\/wp-isa\/wp-content\/gallery\/narcisse\/thumbs\/thumbs_narcisse-02.jpg\"\n                    width=\"150\"\n                    height=\"150\"\n                    style=\"max-width:100%;\"\n                \/>\n            <\/a>\n        <\/div>\n\t\t\t\t\t\t\t<\/div> \n\t\t\t\n\t\t\t\t<div id=\"ngg-image-2\" class=\"ngg-gallery-thumbnail-box \" >\n\t\t\t\t        <div class=\"ngg-gallery-thumbnail\">\n            <a href=\"https:\/\/www.isalebon.fr\/wp-isa\/wp-content\/gallery\/narcisse\/narcisse-03.jpg\"\n               title=\"\"\n               data-src=\"https:\/\/www.isalebon.fr\/wp-isa\/wp-content\/gallery\/narcisse\/narcisse-03.jpg\"\n               data-thumbnail=\"https:\/\/www.isalebon.fr\/wp-isa\/wp-content\/gallery\/narcisse\/thumbs\/thumbs_narcisse-03.jpg\"\n               data-image-id=\"793\"\n               data-title=\"narcisse-03\"\n               data-description=\"\"\n               data-image-slug=\"narcisse-03\"\n               >\n                <img\n                    title=\"narcisse-03\"\n                    alt=\"narcisse-03\"\n                    src=\"https:\/\/www.isalebon.fr\/wp-isa\/wp-content\/gallery\/narcisse\/thumbs\/thumbs_narcisse-03.jpg\"\n                    width=\"150\"\n                    height=\"150\"\n                    style=\"max-width:100%;\"\n                \/>\n            <\/a>\n        <\/div>\n\t\t\t\t\t\t\t<\/div> \n\t\t\t\n\t\t\t\t<div id=\"ngg-image-3\" class=\"ngg-gallery-thumbnail-box \" >\n\t\t\t\t        <div class=\"ngg-gallery-thumbnail\">\n            <a href=\"https:\/\/www.isalebon.fr\/wp-isa\/wp-content\/gallery\/narcisse\/narcisse-04.jpg\"\n               title=\"\"\n               data-src=\"https:\/\/www.isalebon.fr\/wp-isa\/wp-content\/gallery\/narcisse\/narcisse-04.jpg\"\n               data-thumbnail=\"https:\/\/www.isalebon.fr\/wp-isa\/wp-content\/gallery\/narcisse\/thumbs\/thumbs_narcisse-04.jpg\"\n               data-image-id=\"794\"\n               data-title=\"narcisse-04\"\n               data-description=\"\"\n               data-image-slug=\"narcisse-04\"\n               >\n                <img\n                    title=\"narcisse-04\"\n                    alt=\"narcisse-04\"\n                    src=\"https:\/\/www.isalebon.fr\/wp-isa\/wp-content\/gallery\/narcisse\/thumbs\/thumbs_narcisse-04.jpg\"\n                    width=\"150\"\n                    height=\"150\"\n                    style=\"max-width:100%;\"\n                \/>\n            <\/a>\n        <\/div>\n\t\t\t\t\t\t\t<\/div> \n\t\t\t\n\t\t\t\t<div id=\"ngg-image-4\" class=\"ngg-gallery-thumbnail-box \" >\n\t\t\t\t        <div class=\"ngg-gallery-thumbnail\">\n            <a href=\"https:\/\/www.isalebon.fr\/wp-isa\/wp-content\/gallery\/narcisse\/narcisse-05.jpg\"\n               title=\"\"\n               data-src=\"https:\/\/www.isalebon.fr\/wp-isa\/wp-content\/gallery\/narcisse\/narcisse-05.jpg\"\n               data-thumbnail=\"https:\/\/www.isalebon.fr\/wp-isa\/wp-content\/gallery\/narcisse\/thumbs\/thumbs_narcisse-05.jpg\"\n               data-image-id=\"795\"\n               data-title=\"narcisse-05\"\n               data-description=\"\"\n               data-image-slug=\"narcisse-05\"\n               >\n                <img\n                    title=\"narcisse-05\"\n                    alt=\"narcisse-05\"\n                    src=\"https:\/\/www.isalebon.fr\/wp-isa\/wp-content\/gallery\/narcisse\/thumbs\/thumbs_narcisse-05.jpg\"\n                    width=\"150\"\n                    height=\"150\"\n                    style=\"max-width:100%;\"\n                \/>\n            <\/a>\n        <\/div>\n\t\t\t\t\t\t\t<\/div> \n\t\t\t\n\t\t\t\t<div id=\"ngg-image-5\" class=\"ngg-gallery-thumbnail-box \" >\n\t\t\t\t        <div class=\"ngg-gallery-thumbnail\">\n            <a href=\"https:\/\/www.isalebon.fr\/wp-isa\/wp-content\/gallery\/narcisse\/narcisse-06.jpg\"\n               title=\"\"\n               data-src=\"https:\/\/www.isalebon.fr\/wp-isa\/wp-content\/gallery\/narcisse\/narcisse-06.jpg\"\n               data-thumbnail=\"https:\/\/www.isalebon.fr\/wp-isa\/wp-content\/gallery\/narcisse\/thumbs\/thumbs_narcisse-06.jpg\"\n               data-image-id=\"796\"\n               data-title=\"narcisse-06\"\n               data-description=\"\"\n               data-image-slug=\"narcisse-06\"\n               >\n                <img\n                    title=\"narcisse-06\"\n                    alt=\"narcisse-06\"\n                    src=\"https:\/\/www.isalebon.fr\/wp-isa\/wp-content\/gallery\/narcisse\/thumbs\/thumbs_narcisse-06.jpg\"\n                    width=\"150\"\n                    height=\"150\"\n                    style=\"max-width:100%;\"\n                \/>\n            <\/a>\n        <\/div>\n\t\t\t\t\t\t\t<\/div> \n\t\t\t\n\t\t\t\t<div id=\"ngg-image-6\" class=\"ngg-gallery-thumbnail-box \" >\n\t\t\t\t        <div class=\"ngg-gallery-thumbnail\">\n            <a href=\"https:\/\/www.isalebon.fr\/wp-isa\/wp-content\/gallery\/narcisse\/narcisse-07.jpg\"\n               title=\"\"\n               data-src=\"https:\/\/www.isalebon.fr\/wp-isa\/wp-content\/gallery\/narcisse\/narcisse-07.jpg\"\n               data-thumbnail=\"https:\/\/www.isalebon.fr\/wp-isa\/wp-content\/gallery\/narcisse\/thumbs\/thumbs_narcisse-07.jpg\"\n               data-image-id=\"797\"\n               data-title=\"narcisse-07\"\n               data-description=\"\"\n               data-image-slug=\"narcisse-07\"\n               >\n                <img\n                    title=\"narcisse-07\"\n                    alt=\"narcisse-07\"\n                    src=\"https:\/\/www.isalebon.fr\/wp-isa\/wp-content\/gallery\/narcisse\/thumbs\/thumbs_narcisse-07.jpg\"\n                    width=\"150\"\n                    height=\"150\"\n                    style=\"max-width:100%;\"\n                \/>\n            <\/a>\n        <\/div>\n\t\t\t\t\t\t\t<\/div> \n\t\t\t\n\t\t\t\t<div id=\"ngg-image-7\" class=\"ngg-gallery-thumbnail-box \" >\n\t\t\t\t        <div class=\"ngg-gallery-thumbnail\">\n            <a href=\"https:\/\/www.isalebon.fr\/wp-isa\/wp-content\/gallery\/narcisse\/narcisse-08.jpg\"\n               title=\"\"\n               data-src=\"https:\/\/www.isalebon.fr\/wp-isa\/wp-content\/gallery\/narcisse\/narcisse-08.jpg\"\n               data-thumbnail=\"https:\/\/www.isalebon.fr\/wp-isa\/wp-content\/gallery\/narcisse\/thumbs\/thumbs_narcisse-08.jpg\"\n               data-image-id=\"798\"\n               data-title=\"narcisse-08\"\n               data-description=\"\"\n               data-image-slug=\"narcisse-08\"\n               >\n                <img\n                    title=\"narcisse-08\"\n                    alt=\"narcisse-08\"\n                    src=\"https:\/\/www.isalebon.fr\/wp-isa\/wp-content\/gallery\/narcisse\/thumbs\/thumbs_narcisse-08.jpg\"\n                    width=\"150\"\n                    height=\"150\"\n                    style=\"max-width:100%;\"\n                \/>\n            <\/a>\n        <\/div>\n\t\t\t\t\t\t\t<\/div> \n\t\t\t\n\t\t\t\t<div id=\"ngg-image-8\" class=\"ngg-gallery-thumbnail-box \" >\n\t\t\t\t        <div class=\"ngg-gallery-thumbnail\">\n            <a href=\"https:\/\/www.isalebon.fr\/wp-isa\/wp-content\/gallery\/narcisse\/narcisse-09.jpg\"\n               title=\"\"\n               data-src=\"https:\/\/www.isalebon.fr\/wp-isa\/wp-content\/gallery\/narcisse\/narcisse-09.jpg\"\n               data-thumbnail=\"https:\/\/www.isalebon.fr\/wp-isa\/wp-content\/gallery\/narcisse\/thumbs\/thumbs_narcisse-09.jpg\"\n               data-image-id=\"799\"\n               data-title=\"narcisse-09\"\n               data-description=\"\"\n               data-image-slug=\"narcisse-09\"\n               >\n                <img\n                    title=\"narcisse-09\"\n                    alt=\"narcisse-09\"\n                    src=\"https:\/\/www.isalebon.fr\/wp-isa\/wp-content\/gallery\/narcisse\/thumbs\/thumbs_narcisse-09.jpg\"\n                    width=\"150\"\n                    height=\"150\"\n                    style=\"max-width:100%;\"\n                \/>\n            <\/a>\n        <\/div>\n\t\t\t\t\t\t\t<\/div> \n\t\t\t\n\t\t\t\t<div id=\"ngg-image-9\" class=\"ngg-gallery-thumbnail-box \" >\n\t\t\t\t        <div class=\"ngg-gallery-thumbnail\">\n            <a href=\"https:\/\/www.isalebon.fr\/wp-isa\/wp-content\/gallery\/narcisse\/narcisse-10.jpg\"\n               title=\"\"\n               data-src=\"https:\/\/www.isalebon.fr\/wp-isa\/wp-content\/gallery\/narcisse\/narcisse-10.jpg\"\n               data-thumbnail=\"https:\/\/www.isalebon.fr\/wp-isa\/wp-content\/gallery\/narcisse\/thumbs\/thumbs_narcisse-10.jpg\"\n               data-image-id=\"800\"\n               data-title=\"narcisse-10\"\n               data-description=\"\"\n               data-image-slug=\"narcisse-10\"\n               >\n                <img\n                    title=\"narcisse-10\"\n                    alt=\"narcisse-10\"\n                    src=\"https:\/\/www.isalebon.fr\/wp-isa\/wp-content\/gallery\/narcisse\/thumbs\/thumbs_narcisse-10.jpg\"\n                    width=\"150\"\n                    height=\"150\"\n                    style=\"max-width:100%;\"\n                \/>\n            <\/a>\n        <\/div>\n\t\t\t\t\t\t\t<\/div> \n\t\t\t\n\t\t\t\t<div id=\"ngg-image-10\" class=\"ngg-gallery-thumbnail-box \" >\n\t\t\t\t        <div class=\"ngg-gallery-thumbnail\">\n            <a href=\"https:\/\/www.isalebon.fr\/wp-isa\/wp-content\/gallery\/narcisse\/narcisse-11.jpg\"\n               title=\"\"\n               data-src=\"https:\/\/www.isalebon.fr\/wp-isa\/wp-content\/gallery\/narcisse\/narcisse-11.jpg\"\n               data-thumbnail=\"https:\/\/www.isalebon.fr\/wp-isa\/wp-content\/gallery\/narcisse\/thumbs\/thumbs_narcisse-11.jpg\"\n               data-image-id=\"801\"\n               data-title=\"narcisse-11\"\n               data-description=\"\"\n               data-image-slug=\"narcisse-11\"\n               >\n                <img\n                    title=\"narcisse-11\"\n                    alt=\"narcisse-11\"\n                    src=\"https:\/\/www.isalebon.fr\/wp-isa\/wp-content\/gallery\/narcisse\/thumbs\/thumbs_narcisse-11.jpg\"\n                    width=\"150\"\n                    height=\"150\"\n                    style=\"max-width:100%;\"\n                \/>\n            <\/a>\n        <\/div>\n\t\t\t\t\t\t\t<\/div> \n\t\t\t\n\t\n\t<br style=\"clear: both\" \/>\n\n\t\n\t\t<div class=\"ngg-clear\"><\/div>\n\t<\/div>\n<\/div>\n<div id=\"textext\"><span class=\"entetexte\">L\u2019exposition photographique Narcisse est le fruit d\u2019une rencontre avec les \u00e9l\u00e8ves du  lyc\u00e9e de coiffure Pourri\u00e8re et d\u2019un questionnement sur nos repr\u00e9sentations, nos st\u00e9r\u00e9otypes<\/span><\/p>\n<p>Narcisse raconte ce miroir de soi, cette part de visible et d\u2019invisible entre ombre et lumi\u00e8re.<br \/>\nAvec la s\u00e9rie sur le temps d\u2019un shampoing, l\u2019image devient plastique et nous offre \u00e0 voir la r\u00e9alit\u00e9 autrement. Elle nous \u00e9tonne quand elle voit au-del\u00e0 de ce que chacun croit donner \u00e0 voir.<br \/>\nLa photographie ne se d\u00e9finit plus uniquement comme m\u00e9dium, enregistrement de l\u2019espace et du temps mais \u00e9galement par rapport \u00e0 une d\u00e9marche, une pens\u00e9e.<br \/>\n<span class=\"signa\">Isabelle Lebon \/ Photographe<\/span><\/p>\n<\/div>\n","protected":false},"excerpt":{"rendered":"<p>L\u2019exposition photographique Narcisse est le fruit d\u2019une rencontre avec les \u00e9l\u00e8ves du lyc\u00e9e de coiffure Pourri\u00e8re et d\u2019un questionnement sur nos repr\u00e9sentations, nos st\u00e9r\u00e9otypes Narcisse raconte ce miroir de soi, cette part de visible et d\u2019invisible entre ombre et lumi\u00e8re. Avec la s\u00e9rie sur le temps d\u2019un shampoing, l\u2019image devient plastique et nous offre \u00e0 [&hellip;]<\/p>\n","protected":false},"author":2,"featured_media":0,"parent":0,"menu_order":0,"comment_status":"closed","ping_status":"closed","template":"templates\/full-width-page.php","meta":{"ngg_post_thumbnail":0},"_links":{"self":[{"href":"https:\/\/www.isalebon.fr\/index.php?rest_route=\/wp\/v2\/pages\/1666"}],"collection":[{"href":"https:\/\/www.isalebon.fr\/index.php?rest_route=\/wp\/v2\/pages"}],"about":[{"href":"https:\/\/www.isalebon.fr\/index.php?rest_route=\/wp\/v2\/types\/page"}],"author":[{"embeddable":true,"href":"https:\/\/www.isalebon.fr\/index.php?rest_route=\/wp\/v2\/users\/2"}],"replies":[{"embeddable":true,"href":"https:\/\/www.isalebon.fr\/index.php?rest_route=%2Fwp%2Fv2%2Fcomments&post=1666"}],"version-history":[{"count":4,"href":"https:\/\/www.isalebon.fr\/index.php?rest_route=\/wp\/v2\/pages\/1666\/revisions"}],"predecessor-version":[{"id":1671,"href":"https:\/\/www.isalebon.fr\/index.php?rest_route=\/wp\/v2\/pages\/1666\/revisions\/1671"}],"wp:attachment":[{"href":"https:\/\/www.isalebon.fr\/index.php?rest_route=%2Fwp%2Fv2%2Fmedia&parent=1666"}],"curies":[{"name":"wp","href":"https:\/\/api.w.org\/{rel}","templated":true}]}}