{"id":174,"date":"2012-07-04T01:43:37","date_gmt":"2012-07-04T00:43:37","guid":{"rendered":"https:\/\/www.isalebon.fr\/wp-isa\/?page_id=174"},"modified":"2016-11-29T00:22:19","modified_gmt":"2016-11-28T23:22:19","slug":"nus-en-filigrane","status":"publish","type":"page","link":"https:\/\/www.isalebon.fr\/?page_id=174","title":{"rendered":"Exposition en filigrane \/ nus"},"content":{"rendered":"<div id=\"textphotos\"><!-- default-view.php -->\n<div\n\tclass=\"ngg-galleryoverview default-view  ngg-ajax-pagination-none\"\n\tid=\"ngg-gallery-e65e640762c9abc134de36327f5a6ccf-1\">\n\n\t\t<!-- Thumbnails -->\n\t\t\t\t<div id=\"ngg-image-0\" class=\"ngg-gallery-thumbnail-box \" >\n\t\t\t\t        <div class=\"ngg-gallery-thumbnail\">\n            <a href=\"https:\/\/www.isalebon.fr\/wp-isa\/wp-content\/gallery\/nusfiligrane\/nus01.jpg\"\n               title=\"\"\n               data-src=\"https:\/\/www.isalebon.fr\/wp-isa\/wp-content\/gallery\/nusfiligrane\/nus01.jpg\"\n               data-thumbnail=\"https:\/\/www.isalebon.fr\/wp-isa\/wp-content\/gallery\/nusfiligrane\/thumbs\/thumbs_nus01.jpg\"\n               data-image-id=\"134\"\n               data-title=\"nus01\"\n               data-description=\"\"\n               data-image-slug=\"nus01\"\n               >\n                <img\n                    title=\"nus01\"\n                    alt=\"nus01\"\n                    src=\"https:\/\/www.isalebon.fr\/wp-isa\/wp-content\/gallery\/nusfiligrane\/thumbs\/thumbs_nus01.jpg\"\n                    width=\"150\"\n                    height=\"150\"\n                    style=\"max-width:100%;\"\n                \/>\n            <\/a>\n        <\/div>\n\t\t\t\t\t\t\t<\/div> \n\t\t\t\n\t\t\t\t<div id=\"ngg-image-1\" class=\"ngg-gallery-thumbnail-box \" >\n\t\t\t\t        <div class=\"ngg-gallery-thumbnail\">\n            <a href=\"https:\/\/www.isalebon.fr\/wp-isa\/wp-content\/gallery\/nusfiligrane\/nus02.jpg\"\n               title=\"\"\n               data-src=\"https:\/\/www.isalebon.fr\/wp-isa\/wp-content\/gallery\/nusfiligrane\/nus02.jpg\"\n               data-thumbnail=\"https:\/\/www.isalebon.fr\/wp-isa\/wp-content\/gallery\/nusfiligrane\/thumbs\/thumbs_nus02.jpg\"\n               data-image-id=\"135\"\n               data-title=\"nus02\"\n               data-description=\"\"\n               data-image-slug=\"nus02\"\n               >\n                <img\n                    title=\"nus02\"\n                    alt=\"nus02\"\n                    src=\"https:\/\/www.isalebon.fr\/wp-isa\/wp-content\/gallery\/nusfiligrane\/thumbs\/thumbs_nus02.jpg\"\n                    width=\"150\"\n                    height=\"150\"\n                    style=\"max-width:100%;\"\n                \/>\n            <\/a>\n        <\/div>\n\t\t\t\t\t\t\t<\/div> \n\t\t\t\n\t\t\t\t<div id=\"ngg-image-2\" class=\"ngg-gallery-thumbnail-box \" >\n\t\t\t\t        <div class=\"ngg-gallery-thumbnail\">\n            <a href=\"https:\/\/www.isalebon.fr\/wp-isa\/wp-content\/gallery\/nusfiligrane\/nus03.jpg\"\n               title=\"\"\n               data-src=\"https:\/\/www.isalebon.fr\/wp-isa\/wp-content\/gallery\/nusfiligrane\/nus03.jpg\"\n               data-thumbnail=\"https:\/\/www.isalebon.fr\/wp-isa\/wp-content\/gallery\/nusfiligrane\/thumbs\/thumbs_nus03.jpg\"\n               data-image-id=\"136\"\n               data-title=\"nus03\"\n               data-description=\"\"\n               data-image-slug=\"nus03\"\n               >\n                <img\n                    title=\"nus03\"\n                    alt=\"nus03\"\n                    src=\"https:\/\/www.isalebon.fr\/wp-isa\/wp-content\/gallery\/nusfiligrane\/thumbs\/thumbs_nus03.jpg\"\n                    width=\"150\"\n                    height=\"150\"\n                    style=\"max-width:100%;\"\n                \/>\n            <\/a>\n        <\/div>\n\t\t\t\t\t\t\t<\/div> \n\t\t\t\n\t\t\t\t<div id=\"ngg-image-3\" class=\"ngg-gallery-thumbnail-box \" >\n\t\t\t\t        <div class=\"ngg-gallery-thumbnail\">\n            <a href=\"https:\/\/www.isalebon.fr\/wp-isa\/wp-content\/gallery\/nusfiligrane\/nus04.jpg\"\n               title=\"\"\n               data-src=\"https:\/\/www.isalebon.fr\/wp-isa\/wp-content\/gallery\/nusfiligrane\/nus04.jpg\"\n               data-thumbnail=\"https:\/\/www.isalebon.fr\/wp-isa\/wp-content\/gallery\/nusfiligrane\/thumbs\/thumbs_nus04.jpg\"\n               data-image-id=\"137\"\n               data-title=\"nus04\"\n               data-description=\"\"\n               data-image-slug=\"nus04\"\n               >\n                <img\n                    title=\"nus04\"\n                    alt=\"nus04\"\n                    src=\"https:\/\/www.isalebon.fr\/wp-isa\/wp-content\/gallery\/nusfiligrane\/thumbs\/thumbs_nus04.jpg\"\n                    width=\"150\"\n                    height=\"150\"\n                    style=\"max-width:100%;\"\n                \/>\n            <\/a>\n        <\/div>\n\t\t\t\t\t\t\t<\/div> \n\t\t\t\n\t\t\t\t<div id=\"ngg-image-4\" class=\"ngg-gallery-thumbnail-box \" >\n\t\t\t\t        <div class=\"ngg-gallery-thumbnail\">\n            <a href=\"https:\/\/www.isalebon.fr\/wp-isa\/wp-content\/gallery\/nusfiligrane\/nus05.jpg\"\n               title=\"\"\n               data-src=\"https:\/\/www.isalebon.fr\/wp-isa\/wp-content\/gallery\/nusfiligrane\/nus05.jpg\"\n               data-thumbnail=\"https:\/\/www.isalebon.fr\/wp-isa\/wp-content\/gallery\/nusfiligrane\/thumbs\/thumbs_nus05.jpg\"\n               data-image-id=\"138\"\n               data-title=\"nus05\"\n               data-description=\"\"\n               data-image-slug=\"nus05\"\n               >\n                <img\n                    title=\"nus05\"\n                    alt=\"nus05\"\n                    src=\"https:\/\/www.isalebon.fr\/wp-isa\/wp-content\/gallery\/nusfiligrane\/thumbs\/thumbs_nus05.jpg\"\n                    width=\"150\"\n                    height=\"150\"\n                    style=\"max-width:100%;\"\n                \/>\n            <\/a>\n        <\/div>\n\t\t\t\t\t\t\t<\/div> \n\t\t\t\n\t\t\t\t<div id=\"ngg-image-5\" class=\"ngg-gallery-thumbnail-box \" >\n\t\t\t\t        <div class=\"ngg-gallery-thumbnail\">\n            <a href=\"https:\/\/www.isalebon.fr\/wp-isa\/wp-content\/gallery\/nusfiligrane\/nus06.jpg\"\n               title=\"\"\n               data-src=\"https:\/\/www.isalebon.fr\/wp-isa\/wp-content\/gallery\/nusfiligrane\/nus06.jpg\"\n               data-thumbnail=\"https:\/\/www.isalebon.fr\/wp-isa\/wp-content\/gallery\/nusfiligrane\/thumbs\/thumbs_nus06.jpg\"\n               data-image-id=\"139\"\n               data-title=\"nus06\"\n               data-description=\"\"\n               data-image-slug=\"nus06\"\n               >\n                <img\n                    title=\"nus06\"\n                    alt=\"nus06\"\n                    src=\"https:\/\/www.isalebon.fr\/wp-isa\/wp-content\/gallery\/nusfiligrane\/thumbs\/thumbs_nus06.jpg\"\n                    width=\"150\"\n                    height=\"150\"\n                    style=\"max-width:100%;\"\n                \/>\n            <\/a>\n        <\/div>\n\t\t\t\t\t\t\t<\/div> \n\t\t\t\n\t\t\t\t<div id=\"ngg-image-6\" class=\"ngg-gallery-thumbnail-box \" >\n\t\t\t\t        <div class=\"ngg-gallery-thumbnail\">\n            <a href=\"https:\/\/www.isalebon.fr\/wp-isa\/wp-content\/gallery\/nusfiligrane\/nus07.jpg\"\n               title=\"\"\n               data-src=\"https:\/\/www.isalebon.fr\/wp-isa\/wp-content\/gallery\/nusfiligrane\/nus07.jpg\"\n               data-thumbnail=\"https:\/\/www.isalebon.fr\/wp-isa\/wp-content\/gallery\/nusfiligrane\/thumbs\/thumbs_nus07.jpg\"\n               data-image-id=\"140\"\n               data-title=\"nus07\"\n               data-description=\"\"\n               data-image-slug=\"nus07\"\n               >\n                <img\n                    title=\"nus07\"\n                    alt=\"nus07\"\n                    src=\"https:\/\/www.isalebon.fr\/wp-isa\/wp-content\/gallery\/nusfiligrane\/thumbs\/thumbs_nus07.jpg\"\n                    width=\"150\"\n                    height=\"150\"\n                    style=\"max-width:100%;\"\n                \/>\n            <\/a>\n        <\/div>\n\t\t\t\t\t\t\t<\/div> \n\t\t\t\n\t\t\t\t<div id=\"ngg-image-7\" class=\"ngg-gallery-thumbnail-box \" >\n\t\t\t\t        <div class=\"ngg-gallery-thumbnail\">\n            <a href=\"https:\/\/www.isalebon.fr\/wp-isa\/wp-content\/gallery\/nusfiligrane\/nus08.jpg\"\n               title=\"\"\n               data-src=\"https:\/\/www.isalebon.fr\/wp-isa\/wp-content\/gallery\/nusfiligrane\/nus08.jpg\"\n               data-thumbnail=\"https:\/\/www.isalebon.fr\/wp-isa\/wp-content\/gallery\/nusfiligrane\/thumbs\/thumbs_nus08.jpg\"\n               data-image-id=\"141\"\n               data-title=\"nus08\"\n               data-description=\"\"\n               data-image-slug=\"nus08\"\n               >\n                <img\n                    title=\"nus08\"\n                    alt=\"nus08\"\n                    src=\"https:\/\/www.isalebon.fr\/wp-isa\/wp-content\/gallery\/nusfiligrane\/thumbs\/thumbs_nus08.jpg\"\n                    width=\"150\"\n                    height=\"150\"\n                    style=\"max-width:100%;\"\n                \/>\n            <\/a>\n        <\/div>\n\t\t\t\t\t\t\t<\/div> \n\t\t\t\n\t\t\t\t<div id=\"ngg-image-8\" class=\"ngg-gallery-thumbnail-box \" >\n\t\t\t\t        <div class=\"ngg-gallery-thumbnail\">\n            <a href=\"https:\/\/www.isalebon.fr\/wp-isa\/wp-content\/gallery\/nusfiligrane\/nus09.jpg\"\n               title=\"\"\n               data-src=\"https:\/\/www.isalebon.fr\/wp-isa\/wp-content\/gallery\/nusfiligrane\/nus09.jpg\"\n               data-thumbnail=\"https:\/\/www.isalebon.fr\/wp-isa\/wp-content\/gallery\/nusfiligrane\/thumbs\/thumbs_nus09.jpg\"\n               data-image-id=\"142\"\n               data-title=\"nus09\"\n               data-description=\"\"\n               data-image-slug=\"nus09\"\n               >\n                <img\n                    title=\"nus09\"\n                    alt=\"nus09\"\n                    src=\"https:\/\/www.isalebon.fr\/wp-isa\/wp-content\/gallery\/nusfiligrane\/thumbs\/thumbs_nus09.jpg\"\n                    width=\"150\"\n                    height=\"150\"\n                    style=\"max-width:100%;\"\n                \/>\n            <\/a>\n        <\/div>\n\t\t\t\t\t\t\t<\/div> \n\t\t\t\n\t\t\t\t<div id=\"ngg-image-9\" class=\"ngg-gallery-thumbnail-box \" >\n\t\t\t\t        <div class=\"ngg-gallery-thumbnail\">\n            <a href=\"https:\/\/www.isalebon.fr\/wp-isa\/wp-content\/gallery\/nusfiligrane\/nus10.jpg\"\n               title=\"\"\n               data-src=\"https:\/\/www.isalebon.fr\/wp-isa\/wp-content\/gallery\/nusfiligrane\/nus10.jpg\"\n               data-thumbnail=\"https:\/\/www.isalebon.fr\/wp-isa\/wp-content\/gallery\/nusfiligrane\/thumbs\/thumbs_nus10.jpg\"\n               data-image-id=\"143\"\n               data-title=\"nus10\"\n               data-description=\"\"\n               data-image-slug=\"nus10\"\n               >\n                <img\n                    title=\"nus10\"\n                    alt=\"nus10\"\n                    src=\"https:\/\/www.isalebon.fr\/wp-isa\/wp-content\/gallery\/nusfiligrane\/thumbs\/thumbs_nus10.jpg\"\n                    width=\"150\"\n                    height=\"150\"\n                    style=\"max-width:100%;\"\n                \/>\n            <\/a>\n        <\/div>\n\t\t\t\t\t\t\t<\/div> \n\t\t\t\n\t\t\t\t<div id=\"ngg-image-10\" class=\"ngg-gallery-thumbnail-box \" >\n\t\t\t\t        <div class=\"ngg-gallery-thumbnail\">\n            <a href=\"https:\/\/www.isalebon.fr\/wp-isa\/wp-content\/gallery\/nusfiligrane\/nus11.jpg\"\n               title=\"\"\n               data-src=\"https:\/\/www.isalebon.fr\/wp-isa\/wp-content\/gallery\/nusfiligrane\/nus11.jpg\"\n               data-thumbnail=\"https:\/\/www.isalebon.fr\/wp-isa\/wp-content\/gallery\/nusfiligrane\/thumbs\/thumbs_nus11.jpg\"\n               data-image-id=\"144\"\n               data-title=\"nus11\"\n               data-description=\"\"\n               data-image-slug=\"nus11\"\n               >\n                <img\n                    title=\"nus11\"\n                    alt=\"nus11\"\n                    src=\"https:\/\/www.isalebon.fr\/wp-isa\/wp-content\/gallery\/nusfiligrane\/thumbs\/thumbs_nus11.jpg\"\n                    width=\"150\"\n                    height=\"150\"\n                    style=\"max-width:100%;\"\n                \/>\n            <\/a>\n        <\/div>\n\t\t\t\t\t\t\t<\/div> \n\t\t\t\n\t\n\t<br style=\"clear: both\" \/>\n\n\t\n\t\t<div class=\"ngg-clear\"><\/div>\n\t<\/div>\n<\/div>\n<div id=\"textext\"><span class=\"entetexte\">Des corps voil\u00e9s, tromp\u00e9s, annihil\u00e9s, d\u00e9voil\u00e9s, sugg\u00e9r\u00e9s sous une palette de blancs et de noirs.<\/span><\/p>\n<p>Des corps parfois fragment\u00e9s, ordinairement \u00e9triqu\u00e9s par leur finitude, semblent ici rev\u00eatir d\u2019autres r\u00e9alit\u00e9s. Ils mollissent, ils grimacent, ils s\u2019exposent, ils s\u2019oublient\u2026 Ils ne sont plus objet du d\u00e9sir.<\/p>\n<p>Par une technique particuli\u00e8re, la photographe oriente notre regard. Dans ces cadres pr\u00e9cis, la lumi\u00e8re sculpte la mati\u00e8re, d\u2019autres volumes se d\u00e9voilent et prennent vie.Entre r\u00e9alit\u00e9 et mensonge, ces corps, que la photographe se pla\u00eet \u00e0 m\u00e9tamorphoser, sont bel et bien des images photographiques loin de la peinture, du dessin ou de la sculpture.<br \/>\n<span class=\"signa\">Isabelle Lebon \/ Photographe<\/span>\n<\/div>\n","protected":false},"excerpt":{"rendered":"<p>Des corps voil\u00e9s, tromp\u00e9s, annihil\u00e9s, d\u00e9voil\u00e9s, sugg\u00e9r\u00e9s sous une palette de blancs et de noirs. Des corps parfois fragment\u00e9s, ordinairement \u00e9triqu\u00e9s par leur finitude, semblent ici rev\u00eatir d\u2019autres r\u00e9alit\u00e9s. Ils mollissent, ils grimacent, ils s\u2019exposent, ils s\u2019oublient\u2026 Ils ne sont plus objet du d\u00e9sir. Par une technique particuli\u00e8re, la photographe oriente notre regard. Dans ces [&hellip;]<\/p>\n","protected":false},"author":2,"featured_media":0,"parent":0,"menu_order":0,"comment_status":"closed","ping_status":"closed","template":"templates\/full-width-page.php","meta":{"ngg_post_thumbnail":0},"_links":{"self":[{"href":"https:\/\/www.isalebon.fr\/index.php?rest_route=\/wp\/v2\/pages\/174"}],"collection":[{"href":"https:\/\/www.isalebon.fr\/index.php?rest_route=\/wp\/v2\/pages"}],"about":[{"href":"https:\/\/www.isalebon.fr\/index.php?rest_route=\/wp\/v2\/types\/page"}],"author":[{"embeddable":true,"href":"https:\/\/www.isalebon.fr\/index.php?rest_route=\/wp\/v2\/users\/2"}],"replies":[{"embeddable":true,"href":"https:\/\/www.isalebon.fr\/index.php?rest_route=%2Fwp%2Fv2%2Fcomments&post=174"}],"version-history":[{"count":12,"href":"https:\/\/www.isalebon.fr\/index.php?rest_route=\/wp\/v2\/pages\/174\/revisions"}],"predecessor-version":[{"id":1127,"href":"https:\/\/www.isalebon.fr\/index.php?rest_route=\/wp\/v2\/pages\/174\/revisions\/1127"}],"wp:attachment":[{"href":"https:\/\/www.isalebon.fr\/index.php?rest_route=%2Fwp%2Fv2%2Fmedia&parent=174"}],"curies":[{"name":"wp","href":"https:\/\/api.w.org\/{rel}","templated":true}]}}