{"id":1780,"date":"2021-06-07T21:15:49","date_gmt":"2021-06-07T20:15:49","guid":{"rendered":"https:\/\/www.isalebon.fr\/?page_id=1780"},"modified":"2021-07-02T15:36:44","modified_gmt":"2021-07-02T14:36:44","slug":"des-roses-sous-ma-fenetre","status":"publish","type":"page","link":"https:\/\/www.isalebon.fr\/?page_id=1780","title":{"rendered":"Les violences faites aux femmes"},"content":{"rendered":"<div id=\"textphotos\"><!-- default-view.php -->\n<div\n\tclass=\"ngg-galleryoverview default-view  ngg-ajax-pagination-none\"\n\tid=\"ngg-gallery-11081df10760888698210890f98e289c-1\">\n\n\t\t<!-- Thumbnails -->\n\t\t\t\t<div id=\"ngg-image-0\" class=\"ngg-gallery-thumbnail-box \" >\n\t\t\t\t        <div class=\"ngg-gallery-thumbnail\">\n            <a href=\"https:\/\/www.isalebon.fr\/wp-isa\/wp-content\/gallery\/lvfaf\/LVFAF-01.jpg\"\n               title=\"\"\n               data-src=\"https:\/\/www.isalebon.fr\/wp-isa\/wp-content\/gallery\/lvfaf\/LVFAF-01.jpg\"\n               data-thumbnail=\"https:\/\/www.isalebon.fr\/wp-isa\/wp-content\/gallery\/lvfaf\/thumbs\/thumbs_LVFAF-01.jpg\"\n               data-image-id=\"698\"\n               data-title=\"LVFAF-01\"\n               data-description=\"\"\n               data-image-slug=\"lvfaf-01\"\n               >\n                <img\n                    title=\"LVFAF-01\"\n                    alt=\"LVFAF-01\"\n                    src=\"https:\/\/www.isalebon.fr\/wp-isa\/wp-content\/gallery\/lvfaf\/thumbs\/thumbs_LVFAF-01.jpg\"\n                    width=\"150\"\n                    height=\"150\"\n                    style=\"max-width:100%;\"\n                \/>\n            <\/a>\n        <\/div>\n\t\t\t\t\t\t\t<\/div> \n\t\t\t\n\t\t\t\t<div id=\"ngg-image-1\" class=\"ngg-gallery-thumbnail-box \" >\n\t\t\t\t        <div class=\"ngg-gallery-thumbnail\">\n            <a href=\"https:\/\/www.isalebon.fr\/wp-isa\/wp-content\/gallery\/lvfaf\/LVFAF-02.jpg\"\n               title=\"\"\n               data-src=\"https:\/\/www.isalebon.fr\/wp-isa\/wp-content\/gallery\/lvfaf\/LVFAF-02.jpg\"\n               data-thumbnail=\"https:\/\/www.isalebon.fr\/wp-isa\/wp-content\/gallery\/lvfaf\/thumbs\/thumbs_LVFAF-02.jpg\"\n               data-image-id=\"699\"\n               data-title=\"LVFAF-02\"\n               data-description=\"\"\n               data-image-slug=\"lvfaf-02\"\n               >\n                <img\n                    title=\"LVFAF-02\"\n                    alt=\"LVFAF-02\"\n                    src=\"https:\/\/www.isalebon.fr\/wp-isa\/wp-content\/gallery\/lvfaf\/thumbs\/thumbs_LVFAF-02.jpg\"\n                    width=\"150\"\n                    height=\"150\"\n                    style=\"max-width:100%;\"\n                \/>\n            <\/a>\n        <\/div>\n\t\t\t\t\t\t\t<\/div> \n\t\t\t\n\t\t\t\t<div id=\"ngg-image-2\" class=\"ngg-gallery-thumbnail-box \" >\n\t\t\t\t        <div class=\"ngg-gallery-thumbnail\">\n            <a href=\"https:\/\/www.isalebon.fr\/wp-isa\/wp-content\/gallery\/lvfaf\/LVFAF-03.jpg\"\n               title=\"\"\n               data-src=\"https:\/\/www.isalebon.fr\/wp-isa\/wp-content\/gallery\/lvfaf\/LVFAF-03.jpg\"\n               data-thumbnail=\"https:\/\/www.isalebon.fr\/wp-isa\/wp-content\/gallery\/lvfaf\/thumbs\/thumbs_LVFAF-03.jpg\"\n               data-image-id=\"700\"\n               data-title=\"LVFAF-03\"\n               data-description=\"\"\n               data-image-slug=\"lvfaf-03\"\n               >\n                <img\n                    title=\"LVFAF-03\"\n                    alt=\"LVFAF-03\"\n                    src=\"https:\/\/www.isalebon.fr\/wp-isa\/wp-content\/gallery\/lvfaf\/thumbs\/thumbs_LVFAF-03.jpg\"\n                    width=\"150\"\n                    height=\"150\"\n                    style=\"max-width:100%;\"\n                \/>\n            <\/a>\n        <\/div>\n\t\t\t\t\t\t\t<\/div> \n\t\t\t\n\t\t\t\t<div id=\"ngg-image-3\" class=\"ngg-gallery-thumbnail-box \" >\n\t\t\t\t        <div class=\"ngg-gallery-thumbnail\">\n            <a href=\"https:\/\/www.isalebon.fr\/wp-isa\/wp-content\/gallery\/lvfaf\/LVFAF-04.jpg\"\n               title=\"\"\n               data-src=\"https:\/\/www.isalebon.fr\/wp-isa\/wp-content\/gallery\/lvfaf\/LVFAF-04.jpg\"\n               data-thumbnail=\"https:\/\/www.isalebon.fr\/wp-isa\/wp-content\/gallery\/lvfaf\/thumbs\/thumbs_LVFAF-04.jpg\"\n               data-image-id=\"701\"\n               data-title=\"LVFAF-04\"\n               data-description=\"\"\n               data-image-slug=\"lvfaf-04\"\n               >\n                <img\n                    title=\"LVFAF-04\"\n                    alt=\"LVFAF-04\"\n                    src=\"https:\/\/www.isalebon.fr\/wp-isa\/wp-content\/gallery\/lvfaf\/thumbs\/thumbs_LVFAF-04.jpg\"\n                    width=\"150\"\n                    height=\"150\"\n                    style=\"max-width:100%;\"\n                \/>\n            <\/a>\n        <\/div>\n\t\t\t\t\t\t\t<\/div> \n\t\t\t\n\t\t\t\t<div id=\"ngg-image-4\" class=\"ngg-gallery-thumbnail-box \" >\n\t\t\t\t        <div class=\"ngg-gallery-thumbnail\">\n            <a href=\"https:\/\/www.isalebon.fr\/wp-isa\/wp-content\/gallery\/lvfaf\/LVFAF-05.jpg\"\n               title=\"\"\n               data-src=\"https:\/\/www.isalebon.fr\/wp-isa\/wp-content\/gallery\/lvfaf\/LVFAF-05.jpg\"\n               data-thumbnail=\"https:\/\/www.isalebon.fr\/wp-isa\/wp-content\/gallery\/lvfaf\/thumbs\/thumbs_LVFAF-05.jpg\"\n               data-image-id=\"702\"\n               data-title=\"LVFAF-05\"\n               data-description=\"\"\n               data-image-slug=\"lvfaf-05\"\n               >\n                <img\n                    title=\"LVFAF-05\"\n                    alt=\"LVFAF-05\"\n                    src=\"https:\/\/www.isalebon.fr\/wp-isa\/wp-content\/gallery\/lvfaf\/thumbs\/thumbs_LVFAF-05.jpg\"\n                    width=\"150\"\n                    height=\"150\"\n                    style=\"max-width:100%;\"\n                \/>\n            <\/a>\n        <\/div>\n\t\t\t\t\t\t\t<\/div> \n\t\t\t\n\t\t\t\t<div id=\"ngg-image-5\" class=\"ngg-gallery-thumbnail-box \" >\n\t\t\t\t        <div class=\"ngg-gallery-thumbnail\">\n            <a href=\"https:\/\/www.isalebon.fr\/wp-isa\/wp-content\/gallery\/lvfaf\/LVFAF-06.jpg\"\n               title=\"\"\n               data-src=\"https:\/\/www.isalebon.fr\/wp-isa\/wp-content\/gallery\/lvfaf\/LVFAF-06.jpg\"\n               data-thumbnail=\"https:\/\/www.isalebon.fr\/wp-isa\/wp-content\/gallery\/lvfaf\/thumbs\/thumbs_LVFAF-06.jpg\"\n               data-image-id=\"703\"\n               data-title=\"LVFAF-06\"\n               data-description=\"\"\n               data-image-slug=\"lvfaf-06\"\n               >\n                <img\n                    title=\"LVFAF-06\"\n                    alt=\"LVFAF-06\"\n                    src=\"https:\/\/www.isalebon.fr\/wp-isa\/wp-content\/gallery\/lvfaf\/thumbs\/thumbs_LVFAF-06.jpg\"\n                    width=\"150\"\n                    height=\"150\"\n                    style=\"max-width:100%;\"\n                \/>\n            <\/a>\n        <\/div>\n\t\t\t\t\t\t\t<\/div> \n\t\t\t\n\t\t\t\t<div id=\"ngg-image-6\" class=\"ngg-gallery-thumbnail-box \" >\n\t\t\t\t        <div class=\"ngg-gallery-thumbnail\">\n            <a href=\"https:\/\/www.isalebon.fr\/wp-isa\/wp-content\/gallery\/lvfaf\/LVFAF-07.jpg\"\n               title=\"\"\n               data-src=\"https:\/\/www.isalebon.fr\/wp-isa\/wp-content\/gallery\/lvfaf\/LVFAF-07.jpg\"\n               data-thumbnail=\"https:\/\/www.isalebon.fr\/wp-isa\/wp-content\/gallery\/lvfaf\/thumbs\/thumbs_LVFAF-07.jpg\"\n               data-image-id=\"704\"\n               data-title=\"LVFAF-07\"\n               data-description=\"\"\n               data-image-slug=\"lvfaf-07\"\n               >\n                <img\n                    title=\"LVFAF-07\"\n                    alt=\"LVFAF-07\"\n                    src=\"https:\/\/www.isalebon.fr\/wp-isa\/wp-content\/gallery\/lvfaf\/thumbs\/thumbs_LVFAF-07.jpg\"\n                    width=\"150\"\n                    height=\"150\"\n                    style=\"max-width:100%;\"\n                \/>\n            <\/a>\n        <\/div>\n\t\t\t\t\t\t\t<\/div> \n\t\t\t\n\t\t\t\t<div id=\"ngg-image-7\" class=\"ngg-gallery-thumbnail-box \" >\n\t\t\t\t        <div class=\"ngg-gallery-thumbnail\">\n            <a href=\"https:\/\/www.isalebon.fr\/wp-isa\/wp-content\/gallery\/lvfaf\/LVFAF-08.jpg\"\n               title=\"\"\n               data-src=\"https:\/\/www.isalebon.fr\/wp-isa\/wp-content\/gallery\/lvfaf\/LVFAF-08.jpg\"\n               data-thumbnail=\"https:\/\/www.isalebon.fr\/wp-isa\/wp-content\/gallery\/lvfaf\/thumbs\/thumbs_LVFAF-08.jpg\"\n               data-image-id=\"705\"\n               data-title=\"LVFAF-08\"\n               data-description=\"\"\n               data-image-slug=\"lvfaf-08\"\n               >\n                <img\n                    title=\"LVFAF-08\"\n                    alt=\"LVFAF-08\"\n                    src=\"https:\/\/www.isalebon.fr\/wp-isa\/wp-content\/gallery\/lvfaf\/thumbs\/thumbs_LVFAF-08.jpg\"\n                    width=\"150\"\n                    height=\"150\"\n                    style=\"max-width:100%;\"\n                \/>\n            <\/a>\n        <\/div>\n\t\t\t\t\t\t\t<\/div> \n\t\t\t\n\t\t\t\t<div id=\"ngg-image-8\" class=\"ngg-gallery-thumbnail-box \" >\n\t\t\t\t        <div class=\"ngg-gallery-thumbnail\">\n            <a href=\"https:\/\/www.isalebon.fr\/wp-isa\/wp-content\/gallery\/lvfaf\/LVFAF-09.jpg\"\n               title=\"\"\n               data-src=\"https:\/\/www.isalebon.fr\/wp-isa\/wp-content\/gallery\/lvfaf\/LVFAF-09.jpg\"\n               data-thumbnail=\"https:\/\/www.isalebon.fr\/wp-isa\/wp-content\/gallery\/lvfaf\/thumbs\/thumbs_LVFAF-09.jpg\"\n               data-image-id=\"706\"\n               data-title=\"LVFAF-09\"\n               data-description=\"\"\n               data-image-slug=\"lvfaf-09\"\n               >\n                <img\n                    title=\"LVFAF-09\"\n                    alt=\"LVFAF-09\"\n                    src=\"https:\/\/www.isalebon.fr\/wp-isa\/wp-content\/gallery\/lvfaf\/thumbs\/thumbs_LVFAF-09.jpg\"\n                    width=\"150\"\n                    height=\"150\"\n                    style=\"max-width:100%;\"\n                \/>\n            <\/a>\n        <\/div>\n\t\t\t\t\t\t\t<\/div> \n\t\t\t\n\t\t\t\t<div id=\"ngg-image-9\" class=\"ngg-gallery-thumbnail-box \" >\n\t\t\t\t        <div class=\"ngg-gallery-thumbnail\">\n            <a href=\"https:\/\/www.isalebon.fr\/wp-isa\/wp-content\/gallery\/lvfaf\/LVFAF-10.jpg\"\n               title=\"\"\n               data-src=\"https:\/\/www.isalebon.fr\/wp-isa\/wp-content\/gallery\/lvfaf\/LVFAF-10.jpg\"\n               data-thumbnail=\"https:\/\/www.isalebon.fr\/wp-isa\/wp-content\/gallery\/lvfaf\/thumbs\/thumbs_LVFAF-10.jpg\"\n               data-image-id=\"707\"\n               data-title=\"LVFAF-10\"\n               data-description=\"\"\n               data-image-slug=\"lvfaf-10\"\n               >\n                <img\n                    title=\"LVFAF-10\"\n                    alt=\"LVFAF-10\"\n                    src=\"https:\/\/www.isalebon.fr\/wp-isa\/wp-content\/gallery\/lvfaf\/thumbs\/thumbs_LVFAF-10.jpg\"\n                    width=\"150\"\n                    height=\"150\"\n                    style=\"max-width:100%;\"\n                \/>\n            <\/a>\n        <\/div>\n\t\t\t\t\t\t\t<\/div> \n\t\t\t\n\t\t\t\t<div id=\"ngg-image-10\" class=\"ngg-gallery-thumbnail-box \" >\n\t\t\t\t        <div class=\"ngg-gallery-thumbnail\">\n            <a href=\"https:\/\/www.isalebon.fr\/wp-isa\/wp-content\/gallery\/lvfaf\/LVFAF-11.jpg\"\n               title=\"\"\n               data-src=\"https:\/\/www.isalebon.fr\/wp-isa\/wp-content\/gallery\/lvfaf\/LVFAF-11.jpg\"\n               data-thumbnail=\"https:\/\/www.isalebon.fr\/wp-isa\/wp-content\/gallery\/lvfaf\/thumbs\/thumbs_LVFAF-11.jpg\"\n               data-image-id=\"708\"\n               data-title=\"LVFAF-11\"\n               data-description=\"\"\n               data-image-slug=\"lvfaf-11\"\n               >\n                <img\n                    title=\"LVFAF-11\"\n                    alt=\"LVFAF-11\"\n                    src=\"https:\/\/www.isalebon.fr\/wp-isa\/wp-content\/gallery\/lvfaf\/thumbs\/thumbs_LVFAF-11.jpg\"\n                    width=\"150\"\n                    height=\"150\"\n                    style=\"max-width:100%;\"\n                \/>\n            <\/a>\n        <\/div>\n\t\t\t\t\t\t\t<\/div> \n\t\t\t\n\t\t\t\t<div id=\"ngg-image-11\" class=\"ngg-gallery-thumbnail-box \" >\n\t\t\t\t        <div class=\"ngg-gallery-thumbnail\">\n            <a href=\"https:\/\/www.isalebon.fr\/wp-isa\/wp-content\/gallery\/lvfaf\/LVFAF-12.jpg\"\n               title=\"\"\n               data-src=\"https:\/\/www.isalebon.fr\/wp-isa\/wp-content\/gallery\/lvfaf\/LVFAF-12.jpg\"\n               data-thumbnail=\"https:\/\/www.isalebon.fr\/wp-isa\/wp-content\/gallery\/lvfaf\/thumbs\/thumbs_LVFAF-12.jpg\"\n               data-image-id=\"709\"\n               data-title=\"LVFAF-12\"\n               data-description=\"\"\n               data-image-slug=\"lvfaf-12\"\n               >\n                <img\n                    title=\"LVFAF-12\"\n                    alt=\"LVFAF-12\"\n                    src=\"https:\/\/www.isalebon.fr\/wp-isa\/wp-content\/gallery\/lvfaf\/thumbs\/thumbs_LVFAF-12.jpg\"\n                    width=\"150\"\n                    height=\"150\"\n                    style=\"max-width:100%;\"\n                \/>\n            <\/a>\n        <\/div>\n\t\t\t\t\t\t\t<\/div> \n\t\t\t\n\t\t\t\t<div id=\"ngg-image-12\" class=\"ngg-gallery-thumbnail-box \" >\n\t\t\t\t        <div class=\"ngg-gallery-thumbnail\">\n            <a href=\"https:\/\/www.isalebon.fr\/wp-isa\/wp-content\/gallery\/lvfaf\/LVFAF-13.jpg\"\n               title=\"\"\n               data-src=\"https:\/\/www.isalebon.fr\/wp-isa\/wp-content\/gallery\/lvfaf\/LVFAF-13.jpg\"\n               data-thumbnail=\"https:\/\/www.isalebon.fr\/wp-isa\/wp-content\/gallery\/lvfaf\/thumbs\/thumbs_LVFAF-13.jpg\"\n               data-image-id=\"710\"\n               data-title=\"LVFAF-13\"\n               data-description=\"\"\n               data-image-slug=\"lvfaf-13\"\n               >\n                <img\n                    title=\"LVFAF-13\"\n                    alt=\"LVFAF-13\"\n                    src=\"https:\/\/www.isalebon.fr\/wp-isa\/wp-content\/gallery\/lvfaf\/thumbs\/thumbs_LVFAF-13.jpg\"\n                    width=\"150\"\n                    height=\"150\"\n                    style=\"max-width:100%;\"\n                \/>\n            <\/a>\n        <\/div>\n\t\t\t\t\t\t\t<\/div> \n\t\t\t\n\t\t\t\t<div id=\"ngg-image-13\" class=\"ngg-gallery-thumbnail-box \" >\n\t\t\t\t        <div class=\"ngg-gallery-thumbnail\">\n            <a href=\"https:\/\/www.isalebon.fr\/wp-isa\/wp-content\/gallery\/lvfaf\/LVFAF-14.jpg\"\n               title=\"\"\n               data-src=\"https:\/\/www.isalebon.fr\/wp-isa\/wp-content\/gallery\/lvfaf\/LVFAF-14.jpg\"\n               data-thumbnail=\"https:\/\/www.isalebon.fr\/wp-isa\/wp-content\/gallery\/lvfaf\/thumbs\/thumbs_LVFAF-14.jpg\"\n               data-image-id=\"711\"\n               data-title=\"LVFAF-14\"\n               data-description=\"\"\n               data-image-slug=\"lvfaf-14\"\n               >\n                <img\n                    title=\"LVFAF-14\"\n                    alt=\"LVFAF-14\"\n                    src=\"https:\/\/www.isalebon.fr\/wp-isa\/wp-content\/gallery\/lvfaf\/thumbs\/thumbs_LVFAF-14.jpg\"\n                    width=\"150\"\n                    height=\"150\"\n                    style=\"max-width:100%;\"\n                \/>\n            <\/a>\n        <\/div>\n\t\t\t\t\t\t\t<\/div> \n\t\t\t\n\t\t\t\t<div id=\"ngg-image-14\" class=\"ngg-gallery-thumbnail-box \" >\n\t\t\t\t        <div class=\"ngg-gallery-thumbnail\">\n            <a href=\"https:\/\/www.isalebon.fr\/wp-isa\/wp-content\/gallery\/lvfaf\/LVFAF-15.jpg\"\n               title=\"\"\n               data-src=\"https:\/\/www.isalebon.fr\/wp-isa\/wp-content\/gallery\/lvfaf\/LVFAF-15.jpg\"\n               data-thumbnail=\"https:\/\/www.isalebon.fr\/wp-isa\/wp-content\/gallery\/lvfaf\/thumbs\/thumbs_LVFAF-15.jpg\"\n               data-image-id=\"712\"\n               data-title=\"LVFAF-15\"\n               data-description=\"\"\n               data-image-slug=\"lvfaf-15\"\n               >\n                <img\n                    title=\"LVFAF-15\"\n                    alt=\"LVFAF-15\"\n                    src=\"https:\/\/www.isalebon.fr\/wp-isa\/wp-content\/gallery\/lvfaf\/thumbs\/thumbs_LVFAF-15.jpg\"\n                    width=\"150\"\n                    height=\"150\"\n                    style=\"max-width:100%;\"\n                \/>\n            <\/a>\n        <\/div>\n\t\t\t\t\t\t\t<\/div> \n\t\t\t\n\t\t\t\t<div id=\"ngg-image-15\" class=\"ngg-gallery-thumbnail-box \" >\n\t\t\t\t        <div class=\"ngg-gallery-thumbnail\">\n            <a href=\"https:\/\/www.isalebon.fr\/wp-isa\/wp-content\/gallery\/lvfaf\/LVFAF-16.jpg\"\n               title=\"\"\n               data-src=\"https:\/\/www.isalebon.fr\/wp-isa\/wp-content\/gallery\/lvfaf\/LVFAF-16.jpg\"\n               data-thumbnail=\"https:\/\/www.isalebon.fr\/wp-isa\/wp-content\/gallery\/lvfaf\/thumbs\/thumbs_LVFAF-16.jpg\"\n               data-image-id=\"713\"\n               data-title=\"LVFAF-16\"\n               data-description=\"\"\n               data-image-slug=\"lvfaf-16\"\n               >\n                <img\n                    title=\"LVFAF-16\"\n                    alt=\"LVFAF-16\"\n                    src=\"https:\/\/www.isalebon.fr\/wp-isa\/wp-content\/gallery\/lvfaf\/thumbs\/thumbs_LVFAF-16.jpg\"\n                    width=\"150\"\n                    height=\"150\"\n                    style=\"max-width:100%;\"\n                \/>\n            <\/a>\n        <\/div>\n\t\t\t\t\t\t\t<\/div> \n\t\t\t\n\t\t\t\t<div id=\"ngg-image-16\" class=\"ngg-gallery-thumbnail-box \" >\n\t\t\t\t        <div class=\"ngg-gallery-thumbnail\">\n            <a href=\"https:\/\/www.isalebon.fr\/wp-isa\/wp-content\/gallery\/lvfaf\/LVFAF-17.jpg\"\n               title=\"\"\n               data-src=\"https:\/\/www.isalebon.fr\/wp-isa\/wp-content\/gallery\/lvfaf\/LVFAF-17.jpg\"\n               data-thumbnail=\"https:\/\/www.isalebon.fr\/wp-isa\/wp-content\/gallery\/lvfaf\/thumbs\/thumbs_LVFAF-17.jpg\"\n               data-image-id=\"714\"\n               data-title=\"LVFAF-17\"\n               data-description=\"\"\n               data-image-slug=\"lvfaf-17\"\n               >\n                <img\n                    title=\"LVFAF-17\"\n                    alt=\"LVFAF-17\"\n                    src=\"https:\/\/www.isalebon.fr\/wp-isa\/wp-content\/gallery\/lvfaf\/thumbs\/thumbs_LVFAF-17.jpg\"\n                    width=\"150\"\n                    height=\"150\"\n                    style=\"max-width:100%;\"\n                \/>\n            <\/a>\n        <\/div>\n\t\t\t\t\t\t\t<\/div> \n\t\t\t\n\t\t\t\t<div id=\"ngg-image-17\" class=\"ngg-gallery-thumbnail-box \" >\n\t\t\t\t        <div class=\"ngg-gallery-thumbnail\">\n            <a href=\"https:\/\/www.isalebon.fr\/wp-isa\/wp-content\/gallery\/lvfaf\/LVFAF-18.jpg\"\n               title=\"\"\n               data-src=\"https:\/\/www.isalebon.fr\/wp-isa\/wp-content\/gallery\/lvfaf\/LVFAF-18.jpg\"\n               data-thumbnail=\"https:\/\/www.isalebon.fr\/wp-isa\/wp-content\/gallery\/lvfaf\/thumbs\/thumbs_LVFAF-18.jpg\"\n               data-image-id=\"715\"\n               data-title=\"LVFAF-18\"\n               data-description=\"\"\n               data-image-slug=\"lvfaf-18\"\n               >\n                <img\n                    title=\"LVFAF-18\"\n                    alt=\"LVFAF-18\"\n                    src=\"https:\/\/www.isalebon.fr\/wp-isa\/wp-content\/gallery\/lvfaf\/thumbs\/thumbs_LVFAF-18.jpg\"\n                    width=\"150\"\n                    height=\"150\"\n                    style=\"max-width:100%;\"\n                \/>\n            <\/a>\n        <\/div>\n\t\t\t\t\t\t\t<\/div> \n\t\t\t\n\t\t\t\t<div id=\"ngg-image-18\" class=\"ngg-gallery-thumbnail-box \" >\n\t\t\t\t        <div class=\"ngg-gallery-thumbnail\">\n            <a href=\"https:\/\/www.isalebon.fr\/wp-isa\/wp-content\/gallery\/lvfaf\/LVFAF-19.jpg\"\n               title=\"\"\n               data-src=\"https:\/\/www.isalebon.fr\/wp-isa\/wp-content\/gallery\/lvfaf\/LVFAF-19.jpg\"\n               data-thumbnail=\"https:\/\/www.isalebon.fr\/wp-isa\/wp-content\/gallery\/lvfaf\/thumbs\/thumbs_LVFAF-19.jpg\"\n               data-image-id=\"716\"\n               data-title=\"LVFAF-19\"\n               data-description=\"\"\n               data-image-slug=\"lvfaf-19\"\n               >\n                <img\n                    title=\"LVFAF-19\"\n                    alt=\"LVFAF-19\"\n                    src=\"https:\/\/www.isalebon.fr\/wp-isa\/wp-content\/gallery\/lvfaf\/thumbs\/thumbs_LVFAF-19.jpg\"\n                    width=\"150\"\n                    height=\"150\"\n                    style=\"max-width:100%;\"\n                \/>\n            <\/a>\n        <\/div>\n\t\t\t\t\t\t\t<\/div> \n\t\t\t\n\t\t\t\t<div id=\"ngg-image-19\" class=\"ngg-gallery-thumbnail-box \" >\n\t\t\t\t        <div class=\"ngg-gallery-thumbnail\">\n            <a href=\"https:\/\/www.isalebon.fr\/wp-isa\/wp-content\/gallery\/lvfaf\/LVFAF-20.jpg\"\n               title=\"\"\n               data-src=\"https:\/\/www.isalebon.fr\/wp-isa\/wp-content\/gallery\/lvfaf\/LVFAF-20.jpg\"\n               data-thumbnail=\"https:\/\/www.isalebon.fr\/wp-isa\/wp-content\/gallery\/lvfaf\/thumbs\/thumbs_LVFAF-20.jpg\"\n               data-image-id=\"717\"\n               data-title=\"LVFAF-20\"\n               data-description=\"\"\n               data-image-slug=\"lvfaf-20\"\n               >\n                <img\n                    title=\"LVFAF-20\"\n                    alt=\"LVFAF-20\"\n                    src=\"https:\/\/www.isalebon.fr\/wp-isa\/wp-content\/gallery\/lvfaf\/thumbs\/thumbs_LVFAF-20.jpg\"\n                    width=\"150\"\n                    height=\"150\"\n                    style=\"max-width:100%;\"\n                \/>\n            <\/a>\n        <\/div>\n\t\t\t\t\t\t\t<\/div> \n\t\t\t\n\t\n\t<br style=\"clear: both\" \/>\n\n\t\n\t\t<div class=\"ngg-clear\"><\/div>\n\t<\/div>\n<\/div>\n<div id=\"textext\">\nCe projet s\u2019inscrit dans la lutte contre les violences faites aux femmes. Notre intention est de rendre visible une parole qui \u00e9merge par l\u2019affichage de photos et de textes que nous ont inspir\u00e9es des femmes qui ont \u00e9t\u00e9 \u00abvictimes\u00bb de violences conjugales.<\/p>\n<p><i>(Les documents sont au format PDF)<\/i><\/p>\n<blockquote><p>\n<a href=\"\/wp-isa\/wp-content\/uploads\/2021\/06\/Presentation.pdf\">Pr\u00e9sentation<\/a><br \/>\n<a href=\"\/wp-isa\/wp-content\/uploads\/2021\/06\/TextesChristineTernat.pdf\">Texte de Christine Ternat<\/a><\/p><\/blockquote>\n<\/div>\n","protected":false},"excerpt":{"rendered":"<p>Ce projet s\u2019inscrit dans la lutte contre les violences faites aux femmes. Notre intention est de rendre visible une parole qui \u00e9merge par l\u2019affichage de photos et de textes que nous ont inspir\u00e9es des femmes qui ont \u00e9t\u00e9 \u00abvictimes\u00bb de violences conjugales. (Les documents sont au format PDF) Pr\u00e9sentation Texte de Christine Ternat<\/p>\n","protected":false},"author":2,"featured_media":0,"parent":0,"menu_order":0,"comment_status":"closed","ping_status":"closed","template":"templates\/full-width-page.php","meta":{"ngg_post_thumbnail":0},"_links":{"self":[{"href":"https:\/\/www.isalebon.fr\/index.php?rest_route=\/wp\/v2\/pages\/1780"}],"collection":[{"href":"https:\/\/www.isalebon.fr\/index.php?rest_route=\/wp\/v2\/pages"}],"about":[{"href":"https:\/\/www.isalebon.fr\/index.php?rest_route=\/wp\/v2\/types\/page"}],"author":[{"embeddable":true,"href":"https:\/\/www.isalebon.fr\/index.php?rest_route=\/wp\/v2\/users\/2"}],"replies":[{"embeddable":true,"href":"https:\/\/www.isalebon.fr\/index.php?rest_route=%2Fwp%2Fv2%2Fcomments&post=1780"}],"version-history":[{"count":14,"href":"https:\/\/www.isalebon.fr\/index.php?rest_route=\/wp\/v2\/pages\/1780\/revisions"}],"predecessor-version":[{"id":1939,"href":"https:\/\/www.isalebon.fr\/index.php?rest_route=\/wp\/v2\/pages\/1780\/revisions\/1939"}],"wp:attachment":[{"href":"https:\/\/www.isalebon.fr\/index.php?rest_route=%2Fwp%2Fv2%2Fmedia&parent=1780"}],"curies":[{"name":"wp","href":"https:\/\/api.w.org\/{rel}","templated":true}]}}