{"id":181,"date":"2012-07-05T02:25:14","date_gmt":"2012-07-05T01:25:14","guid":{"rendered":"https:\/\/www.isalebon.fr\/wp-isa\/?page_id=181"},"modified":"2016-11-29T00:40:06","modified_gmt":"2016-11-28T23:40:06","slug":"pekin-2007","status":"publish","type":"page","link":"https:\/\/www.isalebon.fr\/?page_id=181","title":{"rendered":"P\u00e9kin"},"content":{"rendered":"<div id=\"textphotos\"><!-- default-view.php -->\n<div\n\tclass=\"ngg-galleryoverview default-view  ngg-ajax-pagination-none\"\n\tid=\"ngg-gallery-58bc4096499020f489c8ca88ebd625db-1\">\n\n\t\t<!-- Thumbnails -->\n\t\t\t\t<div id=\"ngg-image-0\" class=\"ngg-gallery-thumbnail-box \" >\n\t\t\t\t        <div class=\"ngg-gallery-thumbnail\">\n            <a href=\"https:\/\/www.isalebon.fr\/wp-isa\/wp-content\/gallery\/pekin2007\/pekin01.jpg\"\n               title=\"\"\n               data-src=\"https:\/\/www.isalebon.fr\/wp-isa\/wp-content\/gallery\/pekin2007\/pekin01.jpg\"\n               data-thumbnail=\"https:\/\/www.isalebon.fr\/wp-isa\/wp-content\/gallery\/pekin2007\/thumbs\/thumbs_pekin01.jpg\"\n               data-image-id=\"145\"\n               data-title=\"pekin01\"\n               data-description=\"\"\n               data-image-slug=\"pekin01\"\n               >\n                <img\n                    title=\"pekin01\"\n                    alt=\"pekin01\"\n                    src=\"https:\/\/www.isalebon.fr\/wp-isa\/wp-content\/gallery\/pekin2007\/thumbs\/thumbs_pekin01.jpg\"\n                    width=\"150\"\n                    height=\"150\"\n                    style=\"max-width:100%;\"\n                \/>\n            <\/a>\n        <\/div>\n\t\t\t\t\t\t\t<\/div> \n\t\t\t\n\t\t\t\t<div id=\"ngg-image-1\" class=\"ngg-gallery-thumbnail-box \" >\n\t\t\t\t        <div class=\"ngg-gallery-thumbnail\">\n            <a href=\"https:\/\/www.isalebon.fr\/wp-isa\/wp-content\/gallery\/pekin2007\/pekin02.jpg\"\n               title=\"\"\n               data-src=\"https:\/\/www.isalebon.fr\/wp-isa\/wp-content\/gallery\/pekin2007\/pekin02.jpg\"\n               data-thumbnail=\"https:\/\/www.isalebon.fr\/wp-isa\/wp-content\/gallery\/pekin2007\/thumbs\/thumbs_pekin02.jpg\"\n               data-image-id=\"146\"\n               data-title=\"pekin02\"\n               data-description=\"\"\n               data-image-slug=\"pekin02\"\n               >\n                <img\n                    title=\"pekin02\"\n                    alt=\"pekin02\"\n                    src=\"https:\/\/www.isalebon.fr\/wp-isa\/wp-content\/gallery\/pekin2007\/thumbs\/thumbs_pekin02.jpg\"\n                    width=\"150\"\n                    height=\"150\"\n                    style=\"max-width:100%;\"\n                \/>\n            <\/a>\n        <\/div>\n\t\t\t\t\t\t\t<\/div> \n\t\t\t\n\t\t\t\t<div id=\"ngg-image-2\" class=\"ngg-gallery-thumbnail-box \" >\n\t\t\t\t        <div class=\"ngg-gallery-thumbnail\">\n            <a href=\"https:\/\/www.isalebon.fr\/wp-isa\/wp-content\/gallery\/pekin2007\/pekin03.jpg\"\n               title=\"\"\n               data-src=\"https:\/\/www.isalebon.fr\/wp-isa\/wp-content\/gallery\/pekin2007\/pekin03.jpg\"\n               data-thumbnail=\"https:\/\/www.isalebon.fr\/wp-isa\/wp-content\/gallery\/pekin2007\/thumbs\/thumbs_pekin03.jpg\"\n               data-image-id=\"147\"\n               data-title=\"pekin03\"\n               data-description=\"\"\n               data-image-slug=\"pekin03\"\n               >\n                <img\n                    title=\"pekin03\"\n                    alt=\"pekin03\"\n                    src=\"https:\/\/www.isalebon.fr\/wp-isa\/wp-content\/gallery\/pekin2007\/thumbs\/thumbs_pekin03.jpg\"\n                    width=\"150\"\n                    height=\"150\"\n                    style=\"max-width:100%;\"\n                \/>\n            <\/a>\n        <\/div>\n\t\t\t\t\t\t\t<\/div> \n\t\t\t\n\t\t\t\t<div id=\"ngg-image-3\" class=\"ngg-gallery-thumbnail-box \" >\n\t\t\t\t        <div class=\"ngg-gallery-thumbnail\">\n            <a href=\"https:\/\/www.isalebon.fr\/wp-isa\/wp-content\/gallery\/pekin2007\/pekin04.jpg\"\n               title=\"\"\n               data-src=\"https:\/\/www.isalebon.fr\/wp-isa\/wp-content\/gallery\/pekin2007\/pekin04.jpg\"\n               data-thumbnail=\"https:\/\/www.isalebon.fr\/wp-isa\/wp-content\/gallery\/pekin2007\/thumbs\/thumbs_pekin04.jpg\"\n               data-image-id=\"148\"\n               data-title=\"pekin04\"\n               data-description=\"\"\n               data-image-slug=\"pekin04\"\n               >\n                <img\n                    title=\"pekin04\"\n                    alt=\"pekin04\"\n                    src=\"https:\/\/www.isalebon.fr\/wp-isa\/wp-content\/gallery\/pekin2007\/thumbs\/thumbs_pekin04.jpg\"\n                    width=\"150\"\n                    height=\"150\"\n                    style=\"max-width:100%;\"\n                \/>\n            <\/a>\n        <\/div>\n\t\t\t\t\t\t\t<\/div> \n\t\t\t\n\t\t\t\t<div id=\"ngg-image-4\" class=\"ngg-gallery-thumbnail-box \" >\n\t\t\t\t        <div class=\"ngg-gallery-thumbnail\">\n            <a href=\"https:\/\/www.isalebon.fr\/wp-isa\/wp-content\/gallery\/pekin2007\/pekin05.jpg\"\n               title=\"\"\n               data-src=\"https:\/\/www.isalebon.fr\/wp-isa\/wp-content\/gallery\/pekin2007\/pekin05.jpg\"\n               data-thumbnail=\"https:\/\/www.isalebon.fr\/wp-isa\/wp-content\/gallery\/pekin2007\/thumbs\/thumbs_pekin05.jpg\"\n               data-image-id=\"149\"\n               data-title=\"pekin05\"\n               data-description=\"\"\n               data-image-slug=\"pekin05\"\n               >\n                <img\n                    title=\"pekin05\"\n                    alt=\"pekin05\"\n                    src=\"https:\/\/www.isalebon.fr\/wp-isa\/wp-content\/gallery\/pekin2007\/thumbs\/thumbs_pekin05.jpg\"\n                    width=\"150\"\n                    height=\"150\"\n                    style=\"max-width:100%;\"\n                \/>\n            <\/a>\n        <\/div>\n\t\t\t\t\t\t\t<\/div> \n\t\t\t\n\t\t\t\t<div id=\"ngg-image-5\" class=\"ngg-gallery-thumbnail-box \" >\n\t\t\t\t        <div class=\"ngg-gallery-thumbnail\">\n            <a href=\"https:\/\/www.isalebon.fr\/wp-isa\/wp-content\/gallery\/pekin2007\/pekin06.jpg\"\n               title=\"\"\n               data-src=\"https:\/\/www.isalebon.fr\/wp-isa\/wp-content\/gallery\/pekin2007\/pekin06.jpg\"\n               data-thumbnail=\"https:\/\/www.isalebon.fr\/wp-isa\/wp-content\/gallery\/pekin2007\/thumbs\/thumbs_pekin06.jpg\"\n               data-image-id=\"150\"\n               data-title=\"pekin06\"\n               data-description=\"\"\n               data-image-slug=\"pekin06\"\n               >\n                <img\n                    title=\"pekin06\"\n                    alt=\"pekin06\"\n                    src=\"https:\/\/www.isalebon.fr\/wp-isa\/wp-content\/gallery\/pekin2007\/thumbs\/thumbs_pekin06.jpg\"\n                    width=\"150\"\n                    height=\"150\"\n                    style=\"max-width:100%;\"\n                \/>\n            <\/a>\n        <\/div>\n\t\t\t\t\t\t\t<\/div> \n\t\t\t\n\t\t\t\t<div id=\"ngg-image-6\" class=\"ngg-gallery-thumbnail-box \" >\n\t\t\t\t        <div class=\"ngg-gallery-thumbnail\">\n            <a href=\"https:\/\/www.isalebon.fr\/wp-isa\/wp-content\/gallery\/pekin2007\/pekin07.jpg\"\n               title=\"\"\n               data-src=\"https:\/\/www.isalebon.fr\/wp-isa\/wp-content\/gallery\/pekin2007\/pekin07.jpg\"\n               data-thumbnail=\"https:\/\/www.isalebon.fr\/wp-isa\/wp-content\/gallery\/pekin2007\/thumbs\/thumbs_pekin07.jpg\"\n               data-image-id=\"151\"\n               data-title=\"pekin07\"\n               data-description=\"\"\n               data-image-slug=\"pekin07\"\n               >\n                <img\n                    title=\"pekin07\"\n                    alt=\"pekin07\"\n                    src=\"https:\/\/www.isalebon.fr\/wp-isa\/wp-content\/gallery\/pekin2007\/thumbs\/thumbs_pekin07.jpg\"\n                    width=\"150\"\n                    height=\"150\"\n                    style=\"max-width:100%;\"\n                \/>\n            <\/a>\n        <\/div>\n\t\t\t\t\t\t\t<\/div> \n\t\t\t\n\t\t\t\t<div id=\"ngg-image-7\" class=\"ngg-gallery-thumbnail-box \" >\n\t\t\t\t        <div class=\"ngg-gallery-thumbnail\">\n            <a href=\"https:\/\/www.isalebon.fr\/wp-isa\/wp-content\/gallery\/pekin2007\/pekin08.jpg\"\n               title=\"\"\n               data-src=\"https:\/\/www.isalebon.fr\/wp-isa\/wp-content\/gallery\/pekin2007\/pekin08.jpg\"\n               data-thumbnail=\"https:\/\/www.isalebon.fr\/wp-isa\/wp-content\/gallery\/pekin2007\/thumbs\/thumbs_pekin08.jpg\"\n               data-image-id=\"152\"\n               data-title=\"pekin08\"\n               data-description=\"\"\n               data-image-slug=\"pekin08\"\n               >\n                <img\n                    title=\"pekin08\"\n                    alt=\"pekin08\"\n                    src=\"https:\/\/www.isalebon.fr\/wp-isa\/wp-content\/gallery\/pekin2007\/thumbs\/thumbs_pekin08.jpg\"\n                    width=\"150\"\n                    height=\"150\"\n                    style=\"max-width:100%;\"\n                \/>\n            <\/a>\n        <\/div>\n\t\t\t\t\t\t\t<\/div> \n\t\t\t\n\t\t\t\t<div id=\"ngg-image-8\" class=\"ngg-gallery-thumbnail-box \" >\n\t\t\t\t        <div class=\"ngg-gallery-thumbnail\">\n            <a href=\"https:\/\/www.isalebon.fr\/wp-isa\/wp-content\/gallery\/pekin2007\/pekin09.jpg\"\n               title=\"\"\n               data-src=\"https:\/\/www.isalebon.fr\/wp-isa\/wp-content\/gallery\/pekin2007\/pekin09.jpg\"\n               data-thumbnail=\"https:\/\/www.isalebon.fr\/wp-isa\/wp-content\/gallery\/pekin2007\/thumbs\/thumbs_pekin09.jpg\"\n               data-image-id=\"153\"\n               data-title=\"pekin09\"\n               data-description=\"\"\n               data-image-slug=\"pekin09\"\n               >\n                <img\n                    title=\"pekin09\"\n                    alt=\"pekin09\"\n                    src=\"https:\/\/www.isalebon.fr\/wp-isa\/wp-content\/gallery\/pekin2007\/thumbs\/thumbs_pekin09.jpg\"\n                    width=\"150\"\n                    height=\"150\"\n                    style=\"max-width:100%;\"\n                \/>\n            <\/a>\n        <\/div>\n\t\t\t\t\t\t\t<\/div> \n\t\t\t\n\t\t\t\t<div id=\"ngg-image-9\" class=\"ngg-gallery-thumbnail-box \" >\n\t\t\t\t        <div class=\"ngg-gallery-thumbnail\">\n            <a href=\"https:\/\/www.isalebon.fr\/wp-isa\/wp-content\/gallery\/pekin2007\/pekin10.jpg\"\n               title=\"\"\n               data-src=\"https:\/\/www.isalebon.fr\/wp-isa\/wp-content\/gallery\/pekin2007\/pekin10.jpg\"\n               data-thumbnail=\"https:\/\/www.isalebon.fr\/wp-isa\/wp-content\/gallery\/pekin2007\/thumbs\/thumbs_pekin10.jpg\"\n               data-image-id=\"154\"\n               data-title=\"pekin10\"\n               data-description=\"\"\n               data-image-slug=\"pekin10\"\n               >\n                <img\n                    title=\"pekin10\"\n                    alt=\"pekin10\"\n                    src=\"https:\/\/www.isalebon.fr\/wp-isa\/wp-content\/gallery\/pekin2007\/thumbs\/thumbs_pekin10.jpg\"\n                    width=\"150\"\n                    height=\"150\"\n                    style=\"max-width:100%;\"\n                \/>\n            <\/a>\n        <\/div>\n\t\t\t\t\t\t\t<\/div> \n\t\t\t\n\t\t\t\t<div id=\"ngg-image-10\" class=\"ngg-gallery-thumbnail-box \" >\n\t\t\t\t        <div class=\"ngg-gallery-thumbnail\">\n            <a href=\"https:\/\/www.isalebon.fr\/wp-isa\/wp-content\/gallery\/pekin2007\/pekin11.jpg\"\n               title=\"\"\n               data-src=\"https:\/\/www.isalebon.fr\/wp-isa\/wp-content\/gallery\/pekin2007\/pekin11.jpg\"\n               data-thumbnail=\"https:\/\/www.isalebon.fr\/wp-isa\/wp-content\/gallery\/pekin2007\/thumbs\/thumbs_pekin11.jpg\"\n               data-image-id=\"155\"\n               data-title=\"pekin11\"\n               data-description=\"\"\n               data-image-slug=\"pekin11\"\n               >\n                <img\n                    title=\"pekin11\"\n                    alt=\"pekin11\"\n                    src=\"https:\/\/www.isalebon.fr\/wp-isa\/wp-content\/gallery\/pekin2007\/thumbs\/thumbs_pekin11.jpg\"\n                    width=\"150\"\n                    height=\"150\"\n                    style=\"max-width:100%;\"\n                \/>\n            <\/a>\n        <\/div>\n\t\t\t\t\t\t\t<\/div> \n\t\t\t\n\t\t\t\t<div id=\"ngg-image-11\" class=\"ngg-gallery-thumbnail-box \" >\n\t\t\t\t        <div class=\"ngg-gallery-thumbnail\">\n            <a href=\"https:\/\/www.isalebon.fr\/wp-isa\/wp-content\/gallery\/pekin2007\/pekin12.jpg\"\n               title=\"\"\n               data-src=\"https:\/\/www.isalebon.fr\/wp-isa\/wp-content\/gallery\/pekin2007\/pekin12.jpg\"\n               data-thumbnail=\"https:\/\/www.isalebon.fr\/wp-isa\/wp-content\/gallery\/pekin2007\/thumbs\/thumbs_pekin12.jpg\"\n               data-image-id=\"156\"\n               data-title=\"pekin12\"\n               data-description=\"\"\n               data-image-slug=\"pekin12\"\n               >\n                <img\n                    title=\"pekin12\"\n                    alt=\"pekin12\"\n                    src=\"https:\/\/www.isalebon.fr\/wp-isa\/wp-content\/gallery\/pekin2007\/thumbs\/thumbs_pekin12.jpg\"\n                    width=\"150\"\n                    height=\"150\"\n                    style=\"max-width:100%;\"\n                \/>\n            <\/a>\n        <\/div>\n\t\t\t\t\t\t\t<\/div> \n\t\t\t\n\t\t\t\t<div id=\"ngg-image-12\" class=\"ngg-gallery-thumbnail-box \" >\n\t\t\t\t        <div class=\"ngg-gallery-thumbnail\">\n            <a href=\"https:\/\/www.isalebon.fr\/wp-isa\/wp-content\/gallery\/pekin2007\/pekin13.jpg\"\n               title=\"\"\n               data-src=\"https:\/\/www.isalebon.fr\/wp-isa\/wp-content\/gallery\/pekin2007\/pekin13.jpg\"\n               data-thumbnail=\"https:\/\/www.isalebon.fr\/wp-isa\/wp-content\/gallery\/pekin2007\/thumbs\/thumbs_pekin13.jpg\"\n               data-image-id=\"157\"\n               data-title=\"pekin13\"\n               data-description=\"\"\n               data-image-slug=\"pekin13\"\n               >\n                <img\n                    title=\"pekin13\"\n                    alt=\"pekin13\"\n                    src=\"https:\/\/www.isalebon.fr\/wp-isa\/wp-content\/gallery\/pekin2007\/thumbs\/thumbs_pekin13.jpg\"\n                    width=\"150\"\n                    height=\"150\"\n                    style=\"max-width:100%;\"\n                \/>\n            <\/a>\n        <\/div>\n\t\t\t\t\t\t\t<\/div> \n\t\t\t\n\t\t\t\t<div id=\"ngg-image-13\" class=\"ngg-gallery-thumbnail-box \" >\n\t\t\t\t        <div class=\"ngg-gallery-thumbnail\">\n            <a href=\"https:\/\/www.isalebon.fr\/wp-isa\/wp-content\/gallery\/pekin2007\/pekin14.jpg\"\n               title=\"\"\n               data-src=\"https:\/\/www.isalebon.fr\/wp-isa\/wp-content\/gallery\/pekin2007\/pekin14.jpg\"\n               data-thumbnail=\"https:\/\/www.isalebon.fr\/wp-isa\/wp-content\/gallery\/pekin2007\/thumbs\/thumbs_pekin14.jpg\"\n               data-image-id=\"158\"\n               data-title=\"pekin14\"\n               data-description=\"\"\n               data-image-slug=\"pekin14\"\n               >\n                <img\n                    title=\"pekin14\"\n                    alt=\"pekin14\"\n                    src=\"https:\/\/www.isalebon.fr\/wp-isa\/wp-content\/gallery\/pekin2007\/thumbs\/thumbs_pekin14.jpg\"\n                    width=\"150\"\n                    height=\"150\"\n                    style=\"max-width:100%;\"\n                \/>\n            <\/a>\n        <\/div>\n\t\t\t\t\t\t\t<\/div> \n\t\t\t\n\t\t\t\t<div id=\"ngg-image-14\" class=\"ngg-gallery-thumbnail-box \" >\n\t\t\t\t        <div class=\"ngg-gallery-thumbnail\">\n            <a href=\"https:\/\/www.isalebon.fr\/wp-isa\/wp-content\/gallery\/pekin2007\/pekin15.jpg\"\n               title=\"\"\n               data-src=\"https:\/\/www.isalebon.fr\/wp-isa\/wp-content\/gallery\/pekin2007\/pekin15.jpg\"\n               data-thumbnail=\"https:\/\/www.isalebon.fr\/wp-isa\/wp-content\/gallery\/pekin2007\/thumbs\/thumbs_pekin15.jpg\"\n               data-image-id=\"159\"\n               data-title=\"pekin15\"\n               data-description=\"\"\n               data-image-slug=\"pekin15\"\n               >\n                <img\n                    title=\"pekin15\"\n                    alt=\"pekin15\"\n                    src=\"https:\/\/www.isalebon.fr\/wp-isa\/wp-content\/gallery\/pekin2007\/thumbs\/thumbs_pekin15.jpg\"\n                    width=\"150\"\n                    height=\"150\"\n                    style=\"max-width:100%;\"\n                \/>\n            <\/a>\n        <\/div>\n\t\t\t\t\t\t\t<\/div> \n\t\t\t\n\t\t\t\t<div id=\"ngg-image-15\" class=\"ngg-gallery-thumbnail-box \" >\n\t\t\t\t        <div class=\"ngg-gallery-thumbnail\">\n            <a href=\"https:\/\/www.isalebon.fr\/wp-isa\/wp-content\/gallery\/pekin2007\/pekin16.jpg\"\n               title=\"\"\n               data-src=\"https:\/\/www.isalebon.fr\/wp-isa\/wp-content\/gallery\/pekin2007\/pekin16.jpg\"\n               data-thumbnail=\"https:\/\/www.isalebon.fr\/wp-isa\/wp-content\/gallery\/pekin2007\/thumbs\/thumbs_pekin16.jpg\"\n               data-image-id=\"160\"\n               data-title=\"pekin16\"\n               data-description=\"\"\n               data-image-slug=\"pekin16\"\n               >\n                <img\n                    title=\"pekin16\"\n                    alt=\"pekin16\"\n                    src=\"https:\/\/www.isalebon.fr\/wp-isa\/wp-content\/gallery\/pekin2007\/thumbs\/thumbs_pekin16.jpg\"\n                    width=\"150\"\n                    height=\"150\"\n                    style=\"max-width:100%;\"\n                \/>\n            <\/a>\n        <\/div>\n\t\t\t\t\t\t\t<\/div> \n\t\t\t\n\t\t\t\t<div id=\"ngg-image-16\" class=\"ngg-gallery-thumbnail-box \" >\n\t\t\t\t        <div class=\"ngg-gallery-thumbnail\">\n            <a href=\"https:\/\/www.isalebon.fr\/wp-isa\/wp-content\/gallery\/pekin2007\/pekin17.jpg\"\n               title=\"\"\n               data-src=\"https:\/\/www.isalebon.fr\/wp-isa\/wp-content\/gallery\/pekin2007\/pekin17.jpg\"\n               data-thumbnail=\"https:\/\/www.isalebon.fr\/wp-isa\/wp-content\/gallery\/pekin2007\/thumbs\/thumbs_pekin17.jpg\"\n               data-image-id=\"161\"\n               data-title=\"pekin17\"\n               data-description=\"\"\n               data-image-slug=\"pekin17\"\n               >\n                <img\n                    title=\"pekin17\"\n                    alt=\"pekin17\"\n                    src=\"https:\/\/www.isalebon.fr\/wp-isa\/wp-content\/gallery\/pekin2007\/thumbs\/thumbs_pekin17.jpg\"\n                    width=\"150\"\n                    height=\"150\"\n                    style=\"max-width:100%;\"\n                \/>\n            <\/a>\n        <\/div>\n\t\t\t\t\t\t\t<\/div> \n\t\t\t\n\t\t\t\t<div id=\"ngg-image-17\" class=\"ngg-gallery-thumbnail-box \" >\n\t\t\t\t        <div class=\"ngg-gallery-thumbnail\">\n            <a href=\"https:\/\/www.isalebon.fr\/wp-isa\/wp-content\/gallery\/pekin2007\/pekin18.jpg\"\n               title=\"\"\n               data-src=\"https:\/\/www.isalebon.fr\/wp-isa\/wp-content\/gallery\/pekin2007\/pekin18.jpg\"\n               data-thumbnail=\"https:\/\/www.isalebon.fr\/wp-isa\/wp-content\/gallery\/pekin2007\/thumbs\/thumbs_pekin18.jpg\"\n               data-image-id=\"162\"\n               data-title=\"pekin18\"\n               data-description=\"\"\n               data-image-slug=\"pekin18\"\n               >\n                <img\n                    title=\"pekin18\"\n                    alt=\"pekin18\"\n                    src=\"https:\/\/www.isalebon.fr\/wp-isa\/wp-content\/gallery\/pekin2007\/thumbs\/thumbs_pekin18.jpg\"\n                    width=\"150\"\n                    height=\"150\"\n                    style=\"max-width:100%;\"\n                \/>\n            <\/a>\n        <\/div>\n\t\t\t\t\t\t\t<\/div> \n\t\t\t\n\t\t\t\t<div id=\"ngg-image-18\" class=\"ngg-gallery-thumbnail-box \" >\n\t\t\t\t        <div class=\"ngg-gallery-thumbnail\">\n            <a href=\"https:\/\/www.isalebon.fr\/wp-isa\/wp-content\/gallery\/pekin2007\/pekin19.jpg\"\n               title=\"\"\n               data-src=\"https:\/\/www.isalebon.fr\/wp-isa\/wp-content\/gallery\/pekin2007\/pekin19.jpg\"\n               data-thumbnail=\"https:\/\/www.isalebon.fr\/wp-isa\/wp-content\/gallery\/pekin2007\/thumbs\/thumbs_pekin19.jpg\"\n               data-image-id=\"163\"\n               data-title=\"pekin19\"\n               data-description=\"\"\n               data-image-slug=\"pekin19\"\n               >\n                <img\n                    title=\"pekin19\"\n                    alt=\"pekin19\"\n                    src=\"https:\/\/www.isalebon.fr\/wp-isa\/wp-content\/gallery\/pekin2007\/thumbs\/thumbs_pekin19.jpg\"\n                    width=\"150\"\n                    height=\"150\"\n                    style=\"max-width:100%;\"\n                \/>\n            <\/a>\n        <\/div>\n\t\t\t\t\t\t\t<\/div> \n\t\t\t\n\t\n\t<br style=\"clear: both\" \/>\n\n\t\n\t\t<div class=\"ngg-clear\"><\/div>\n\t<\/div>\n<\/div>\n<div id=\"textext\"><span class=\"entetexte\">Ao\u00fbt 2007; deux ans se sont pass\u00e9s depuis mon premier s\u00e9jour \u00e0 P\u00e9kin.<\/span><\/p>\n<p>P\u00e9kin Nankin P\u00e9kin\u2026, le parcours de mes p\u00e9r\u00e9grinations au pays du milieu.<br \/>\nFallait \u2013il donc que je revienne sur mes pas ?<br \/>\nLes premiers pas dans P\u00e9kin l\u2019\u00e9trang\u00e8re.<br \/>\nSur mes pas ? Non ! Mais sur les leurs, oui !<br \/>\nUne deuxi\u00e8me fois pour m\u2019approcher encore plus pr\u00e8s\u2026, une deuxi\u00e8me fois pour regarder derri\u00e8re les rambardes, les balustrades, les sourires, les stigmates du changement effr\u00e9n\u00e9. Les P\u00e9kinois \u00e0 P\u00e9kin un an avant\u2026, exactement un an avant que rien ne soit plus jamais pareil. Un an avant les J.O.<br \/>\nJ\u2019ai suivi les traces de leurs efforts, de leurs ambitions, de leurs r\u00eaves, de leur indiff\u00e9rence, de leur fiert\u00e9 orchestr\u00e9e de pouvoir enfin se d\u00e9voiler \u00e0 la face du monde.<br \/>\nQuand tout est encore possible m\u00eame si ce n\u2019est d\u00e9j\u00e0 plus qu\u2019une illusion.<\/p>\n<p>J\u2019ai vu les grattes-ciel se monter en une nuit,<br \/>\nJ\u2019ai vu des trac\u00e9s de route se transformer en un regard,<br \/>\nJ\u2019ai vu le ciel devenir bleu sous l\u2019impulsion d\u2019une pens\u00e9e.<br \/>\nVous lirez m\u00eame sur certaines l\u00e8vres s\u2019afficher le mot \u00ab miracle \u00bb.<\/p>\n<p>J\u2019ai \u00e9t\u00e9 sur les pas de ces hommes et de ces femmes qui font P\u00e9kin&#8230;<br \/>\nCeux qui l\u2019habitent, ceux qui la reconstruisent\u2026 ceux qui l\u2019enrichissent\u2026<\/p>\n<p>Des photos pour des instants de vies qui se dissiperont quand le rideau se l\u00e8vera.<\/p>\n<p>Un r\u00eave comme un autre ?<br \/>\nPas tout \u00e0 fait vous chanteront-ils !<\/p>\n<p><span class=\"signa\">Isabelle Lebon \/ Photographe<\/span><\/div>\n","protected":false},"excerpt":{"rendered":"<p>Ao\u00fbt 2007; deux ans se sont pass\u00e9s depuis mon premier s\u00e9jour \u00e0 P\u00e9kin. P\u00e9kin Nankin P\u00e9kin\u2026, le parcours de mes p\u00e9r\u00e9grinations au pays du milieu. Fallait \u2013il donc que je revienne sur mes pas ? Les premiers pas dans P\u00e9kin l\u2019\u00e9trang\u00e8re. Sur mes pas ? Non ! Mais sur les leurs, oui ! Une deuxi\u00e8me [&hellip;]<\/p>\n","protected":false},"author":2,"featured_media":0,"parent":0,"menu_order":0,"comment_status":"closed","ping_status":"closed","template":"templates\/full-width-page.php","meta":{"ngg_post_thumbnail":0},"_links":{"self":[{"href":"https:\/\/www.isalebon.fr\/index.php?rest_route=\/wp\/v2\/pages\/181"}],"collection":[{"href":"https:\/\/www.isalebon.fr\/index.php?rest_route=\/wp\/v2\/pages"}],"about":[{"href":"https:\/\/www.isalebon.fr\/index.php?rest_route=\/wp\/v2\/types\/page"}],"author":[{"embeddable":true,"href":"https:\/\/www.isalebon.fr\/index.php?rest_route=\/wp\/v2\/users\/2"}],"replies":[{"embeddable":true,"href":"https:\/\/www.isalebon.fr\/index.php?rest_route=%2Fwp%2Fv2%2Fcomments&post=181"}],"version-history":[{"count":11,"href":"https:\/\/www.isalebon.fr\/index.php?rest_route=\/wp\/v2\/pages\/181\/revisions"}],"predecessor-version":[{"id":1137,"href":"https:\/\/www.isalebon.fr\/index.php?rest_route=\/wp\/v2\/pages\/181\/revisions\/1137"}],"wp:attachment":[{"href":"https:\/\/www.isalebon.fr\/index.php?rest_route=%2Fwp%2Fv2%2Fmedia&parent=181"}],"curies":[{"name":"wp","href":"https:\/\/api.w.org\/{rel}","templated":true}]}}