{"id":292,"date":"2012-08-16T22:38:44","date_gmt":"2012-08-16T21:38:44","guid":{"rendered":"https:\/\/www.isalebon.fr\/wp-isa\/?page_id=292"},"modified":"2017-01-03T15:54:41","modified_gmt":"2017-01-03T14:54:41","slug":"danse","status":"publish","type":"page","link":"https:\/\/www.isalebon.fr\/?page_id=292","title":{"rendered":"Un pas \u00e0 l&rsquo;autre"},"content":{"rendered":"<div id=\"textphotos\"><!-- default-view.php -->\n<div\n\tclass=\"ngg-galleryoverview default-view  ngg-ajax-pagination-none\"\n\tid=\"ngg-gallery-cfa7d1be649af5e9f9e29229eb013ff1-1\">\n\n\t\t<!-- Thumbnails -->\n\t\t\t\t<div id=\"ngg-image-0\" class=\"ngg-gallery-thumbnail-box \" >\n\t\t\t\t        <div class=\"ngg-gallery-thumbnail\">\n            <a href=\"https:\/\/www.isalebon.fr\/wp-isa\/wp-content\/gallery\/danse\/danse01.jpg\"\n               title=\"\"\n               data-src=\"https:\/\/www.isalebon.fr\/wp-isa\/wp-content\/gallery\/danse\/danse01.jpg\"\n               data-thumbnail=\"https:\/\/www.isalebon.fr\/wp-isa\/wp-content\/gallery\/danse\/thumbs\/thumbs_danse01.jpg\"\n               data-image-id=\"329\"\n               data-title=\"danse01\"\n               data-description=\"\"\n               data-image-slug=\"danse01\"\n               >\n                <img\n                    title=\"danse01\"\n                    alt=\"danse01\"\n                    src=\"https:\/\/www.isalebon.fr\/wp-isa\/wp-content\/gallery\/danse\/thumbs\/thumbs_danse01.jpg\"\n                    width=\"150\"\n                    height=\"150\"\n                    style=\"max-width:100%;\"\n                \/>\n            <\/a>\n        <\/div>\n\t\t\t\t\t\t\t<\/div> \n\t\t\t\n\t\t\t\t<div id=\"ngg-image-1\" class=\"ngg-gallery-thumbnail-box \" >\n\t\t\t\t        <div class=\"ngg-gallery-thumbnail\">\n            <a href=\"https:\/\/www.isalebon.fr\/wp-isa\/wp-content\/gallery\/danse\/danse02.jpg\"\n               title=\"\"\n               data-src=\"https:\/\/www.isalebon.fr\/wp-isa\/wp-content\/gallery\/danse\/danse02.jpg\"\n               data-thumbnail=\"https:\/\/www.isalebon.fr\/wp-isa\/wp-content\/gallery\/danse\/thumbs\/thumbs_danse02.jpg\"\n               data-image-id=\"330\"\n               data-title=\"danse02\"\n               data-description=\"\"\n               data-image-slug=\"danse02\"\n               >\n                <img\n                    title=\"danse02\"\n                    alt=\"danse02\"\n                    src=\"https:\/\/www.isalebon.fr\/wp-isa\/wp-content\/gallery\/danse\/thumbs\/thumbs_danse02.jpg\"\n                    width=\"150\"\n                    height=\"150\"\n                    style=\"max-width:100%;\"\n                \/>\n            <\/a>\n        <\/div>\n\t\t\t\t\t\t\t<\/div> \n\t\t\t\n\t\t\t\t<div id=\"ngg-image-2\" class=\"ngg-gallery-thumbnail-box \" >\n\t\t\t\t        <div class=\"ngg-gallery-thumbnail\">\n            <a href=\"https:\/\/www.isalebon.fr\/wp-isa\/wp-content\/gallery\/danse\/danse03.jpg\"\n               title=\"\"\n               data-src=\"https:\/\/www.isalebon.fr\/wp-isa\/wp-content\/gallery\/danse\/danse03.jpg\"\n               data-thumbnail=\"https:\/\/www.isalebon.fr\/wp-isa\/wp-content\/gallery\/danse\/thumbs\/thumbs_danse03.jpg\"\n               data-image-id=\"331\"\n               data-title=\"danse03\"\n               data-description=\"\"\n               data-image-slug=\"danse03\"\n               >\n                <img\n                    title=\"danse03\"\n                    alt=\"danse03\"\n                    src=\"https:\/\/www.isalebon.fr\/wp-isa\/wp-content\/gallery\/danse\/thumbs\/thumbs_danse03.jpg\"\n                    width=\"150\"\n                    height=\"150\"\n                    style=\"max-width:100%;\"\n                \/>\n            <\/a>\n        <\/div>\n\t\t\t\t\t\t\t<\/div> \n\t\t\t\n\t\t\t\t<div id=\"ngg-image-3\" class=\"ngg-gallery-thumbnail-box \" >\n\t\t\t\t        <div class=\"ngg-gallery-thumbnail\">\n            <a href=\"https:\/\/www.isalebon.fr\/wp-isa\/wp-content\/gallery\/danse\/danse04.jpg\"\n               title=\"\"\n               data-src=\"https:\/\/www.isalebon.fr\/wp-isa\/wp-content\/gallery\/danse\/danse04.jpg\"\n               data-thumbnail=\"https:\/\/www.isalebon.fr\/wp-isa\/wp-content\/gallery\/danse\/thumbs\/thumbs_danse04.jpg\"\n               data-image-id=\"332\"\n               data-title=\"danse04\"\n               data-description=\"\"\n               data-image-slug=\"danse04\"\n               >\n                <img\n                    title=\"danse04\"\n                    alt=\"danse04\"\n                    src=\"https:\/\/www.isalebon.fr\/wp-isa\/wp-content\/gallery\/danse\/thumbs\/thumbs_danse04.jpg\"\n                    width=\"150\"\n                    height=\"150\"\n                    style=\"max-width:100%;\"\n                \/>\n            <\/a>\n        <\/div>\n\t\t\t\t\t\t\t<\/div> \n\t\t\t\n\t\t\t\t<div id=\"ngg-image-4\" class=\"ngg-gallery-thumbnail-box \" >\n\t\t\t\t        <div class=\"ngg-gallery-thumbnail\">\n            <a href=\"https:\/\/www.isalebon.fr\/wp-isa\/wp-content\/gallery\/danse\/danse05.jpg\"\n               title=\"\"\n               data-src=\"https:\/\/www.isalebon.fr\/wp-isa\/wp-content\/gallery\/danse\/danse05.jpg\"\n               data-thumbnail=\"https:\/\/www.isalebon.fr\/wp-isa\/wp-content\/gallery\/danse\/thumbs\/thumbs_danse05.jpg\"\n               data-image-id=\"333\"\n               data-title=\"danse05\"\n               data-description=\"\"\n               data-image-slug=\"danse05\"\n               >\n                <img\n                    title=\"danse05\"\n                    alt=\"danse05\"\n                    src=\"https:\/\/www.isalebon.fr\/wp-isa\/wp-content\/gallery\/danse\/thumbs\/thumbs_danse05.jpg\"\n                    width=\"150\"\n                    height=\"150\"\n                    style=\"max-width:100%;\"\n                \/>\n            <\/a>\n        <\/div>\n\t\t\t\t\t\t\t<\/div> \n\t\t\t\n\t\t\t\t<div id=\"ngg-image-5\" class=\"ngg-gallery-thumbnail-box \" >\n\t\t\t\t        <div class=\"ngg-gallery-thumbnail\">\n            <a href=\"https:\/\/www.isalebon.fr\/wp-isa\/wp-content\/gallery\/danse\/danse06.jpg\"\n               title=\"\"\n               data-src=\"https:\/\/www.isalebon.fr\/wp-isa\/wp-content\/gallery\/danse\/danse06.jpg\"\n               data-thumbnail=\"https:\/\/www.isalebon.fr\/wp-isa\/wp-content\/gallery\/danse\/thumbs\/thumbs_danse06.jpg\"\n               data-image-id=\"334\"\n               data-title=\"danse06\"\n               data-description=\"\"\n               data-image-slug=\"danse06\"\n               >\n                <img\n                    title=\"danse06\"\n                    alt=\"danse06\"\n                    src=\"https:\/\/www.isalebon.fr\/wp-isa\/wp-content\/gallery\/danse\/thumbs\/thumbs_danse06.jpg\"\n                    width=\"150\"\n                    height=\"150\"\n                    style=\"max-width:100%;\"\n                \/>\n            <\/a>\n        <\/div>\n\t\t\t\t\t\t\t<\/div> \n\t\t\t\n\t\t\t\t<div id=\"ngg-image-6\" class=\"ngg-gallery-thumbnail-box \" >\n\t\t\t\t        <div class=\"ngg-gallery-thumbnail\">\n            <a href=\"https:\/\/www.isalebon.fr\/wp-isa\/wp-content\/gallery\/danse\/danse07.jpg\"\n               title=\"\"\n               data-src=\"https:\/\/www.isalebon.fr\/wp-isa\/wp-content\/gallery\/danse\/danse07.jpg\"\n               data-thumbnail=\"https:\/\/www.isalebon.fr\/wp-isa\/wp-content\/gallery\/danse\/thumbs\/thumbs_danse07.jpg\"\n               data-image-id=\"335\"\n               data-title=\"danse07\"\n               data-description=\"\"\n               data-image-slug=\"danse07\"\n               >\n                <img\n                    title=\"danse07\"\n                    alt=\"danse07\"\n                    src=\"https:\/\/www.isalebon.fr\/wp-isa\/wp-content\/gallery\/danse\/thumbs\/thumbs_danse07.jpg\"\n                    width=\"150\"\n                    height=\"150\"\n                    style=\"max-width:100%;\"\n                \/>\n            <\/a>\n        <\/div>\n\t\t\t\t\t\t\t<\/div> \n\t\t\t\n\t\t\t\t<div id=\"ngg-image-7\" class=\"ngg-gallery-thumbnail-box \" >\n\t\t\t\t        <div class=\"ngg-gallery-thumbnail\">\n            <a href=\"https:\/\/www.isalebon.fr\/wp-isa\/wp-content\/gallery\/danse\/danse08.jpg\"\n               title=\"\"\n               data-src=\"https:\/\/www.isalebon.fr\/wp-isa\/wp-content\/gallery\/danse\/danse08.jpg\"\n               data-thumbnail=\"https:\/\/www.isalebon.fr\/wp-isa\/wp-content\/gallery\/danse\/thumbs\/thumbs_danse08.jpg\"\n               data-image-id=\"336\"\n               data-title=\"danse08\"\n               data-description=\"\"\n               data-image-slug=\"danse08\"\n               >\n                <img\n                    title=\"danse08\"\n                    alt=\"danse08\"\n                    src=\"https:\/\/www.isalebon.fr\/wp-isa\/wp-content\/gallery\/danse\/thumbs\/thumbs_danse08.jpg\"\n                    width=\"150\"\n                    height=\"150\"\n                    style=\"max-width:100%;\"\n                \/>\n            <\/a>\n        <\/div>\n\t\t\t\t\t\t\t<\/div> \n\t\t\t\n\t\t\t\t<div id=\"ngg-image-8\" class=\"ngg-gallery-thumbnail-box \" >\n\t\t\t\t        <div class=\"ngg-gallery-thumbnail\">\n            <a href=\"https:\/\/www.isalebon.fr\/wp-isa\/wp-content\/gallery\/danse\/danse09.jpg\"\n               title=\"\"\n               data-src=\"https:\/\/www.isalebon.fr\/wp-isa\/wp-content\/gallery\/danse\/danse09.jpg\"\n               data-thumbnail=\"https:\/\/www.isalebon.fr\/wp-isa\/wp-content\/gallery\/danse\/thumbs\/thumbs_danse09.jpg\"\n               data-image-id=\"337\"\n               data-title=\"danse09\"\n               data-description=\"\"\n               data-image-slug=\"danse09\"\n               >\n                <img\n                    title=\"danse09\"\n                    alt=\"danse09\"\n                    src=\"https:\/\/www.isalebon.fr\/wp-isa\/wp-content\/gallery\/danse\/thumbs\/thumbs_danse09.jpg\"\n                    width=\"150\"\n                    height=\"150\"\n                    style=\"max-width:100%;\"\n                \/>\n            <\/a>\n        <\/div>\n\t\t\t\t\t\t\t<\/div> \n\t\t\t\n\t\t\t\t<div id=\"ngg-image-9\" class=\"ngg-gallery-thumbnail-box \" >\n\t\t\t\t        <div class=\"ngg-gallery-thumbnail\">\n            <a href=\"https:\/\/www.isalebon.fr\/wp-isa\/wp-content\/gallery\/danse\/danse10.jpg\"\n               title=\"\"\n               data-src=\"https:\/\/www.isalebon.fr\/wp-isa\/wp-content\/gallery\/danse\/danse10.jpg\"\n               data-thumbnail=\"https:\/\/www.isalebon.fr\/wp-isa\/wp-content\/gallery\/danse\/thumbs\/thumbs_danse10.jpg\"\n               data-image-id=\"338\"\n               data-title=\"danse10\"\n               data-description=\"\"\n               data-image-slug=\"danse10\"\n               >\n                <img\n                    title=\"danse10\"\n                    alt=\"danse10\"\n                    src=\"https:\/\/www.isalebon.fr\/wp-isa\/wp-content\/gallery\/danse\/thumbs\/thumbs_danse10.jpg\"\n                    width=\"150\"\n                    height=\"150\"\n                    style=\"max-width:100%;\"\n                \/>\n            <\/a>\n        <\/div>\n\t\t\t\t\t\t\t<\/div> \n\t\t\t\n\t\t\t\t<div id=\"ngg-image-10\" class=\"ngg-gallery-thumbnail-box \" >\n\t\t\t\t        <div class=\"ngg-gallery-thumbnail\">\n            <a href=\"https:\/\/www.isalebon.fr\/wp-isa\/wp-content\/gallery\/danse\/danse11.jpg\"\n               title=\"\"\n               data-src=\"https:\/\/www.isalebon.fr\/wp-isa\/wp-content\/gallery\/danse\/danse11.jpg\"\n               data-thumbnail=\"https:\/\/www.isalebon.fr\/wp-isa\/wp-content\/gallery\/danse\/thumbs\/thumbs_danse11.jpg\"\n               data-image-id=\"339\"\n               data-title=\"danse11\"\n               data-description=\"\"\n               data-image-slug=\"danse11\"\n               >\n                <img\n                    title=\"danse11\"\n                    alt=\"danse11\"\n                    src=\"https:\/\/www.isalebon.fr\/wp-isa\/wp-content\/gallery\/danse\/thumbs\/thumbs_danse11.jpg\"\n                    width=\"150\"\n                    height=\"150\"\n                    style=\"max-width:100%;\"\n                \/>\n            <\/a>\n        <\/div>\n\t\t\t\t\t\t\t<\/div> \n\t\t\t\n\t\t\t\t<div id=\"ngg-image-11\" class=\"ngg-gallery-thumbnail-box \" >\n\t\t\t\t        <div class=\"ngg-gallery-thumbnail\">\n            <a href=\"https:\/\/www.isalebon.fr\/wp-isa\/wp-content\/gallery\/danse\/danse12.jpg\"\n               title=\"\"\n               data-src=\"https:\/\/www.isalebon.fr\/wp-isa\/wp-content\/gallery\/danse\/danse12.jpg\"\n               data-thumbnail=\"https:\/\/www.isalebon.fr\/wp-isa\/wp-content\/gallery\/danse\/thumbs\/thumbs_danse12.jpg\"\n               data-image-id=\"340\"\n               data-title=\"danse12\"\n               data-description=\"\"\n               data-image-slug=\"danse12\"\n               >\n                <img\n                    title=\"danse12\"\n                    alt=\"danse12\"\n                    src=\"https:\/\/www.isalebon.fr\/wp-isa\/wp-content\/gallery\/danse\/thumbs\/thumbs_danse12.jpg\"\n                    width=\"150\"\n                    height=\"150\"\n                    style=\"max-width:100%;\"\n                \/>\n            <\/a>\n        <\/div>\n\t\t\t\t\t\t\t<\/div> \n\t\t\t\n\t\n\t<br style=\"clear: both\" \/>\n\n\t\n\t\t<div class=\"ngg-clear\"><\/div>\n\t<\/div>\n<\/div>\n<div id=\"textext\">\n<p><span class=\"entetexte\">D\u2019un pas \u00e0 l\u2019autre est une invitation \u00e0 la danse, \u00e0 l\u2019\u00e9coute d\u2019une musique\u2026<\/span><\/p>\n<p>Quand Christine et Marie entra\u00eenent nos a\u00een\u00e9s dans une r\u00e9cr\u00e9ation musicale, les mains se fr\u00f4lent, les regards se croisent. (<strong><a title=\"Danse (Diaporama)\" href=\"https:\/\/www.isalebon.fr\/?page_id=560\">diaporama<\/a><\/strong>)<\/p>\n<p>Le temps semble plus doux quand la voix dans le haut parleur chante l\u2019amour \u2026<br \/>\nEt que tous reprennent en c\u0153ur \u00ab Mon amant de St Jean \u00bb.<br \/>\nLa musique \u00e9tourdit femmes et hommes.<br \/>\nElle invite chacun tel qu\u2019il est dans la danse pour l\u2019inciter \u00e0 se grandir (sans le savoir) dans l\u2019image panoramique.<br \/>\nLa piste de danse photographique r\u00e9v\u00e8le les \u00e9tats d\u2019\u00e2mes.<br \/>\nEt la l\u00e9g\u00e8ret\u00e9 des corps ressemble \u00e0 une musique, m\u00e9taphore de la vie.<br \/>\nCe que la photographie rend visible, c\u2019est l\u2019empreinte du r\u00e9el, d\u2019une fraction de r\u00e9alit\u00e9, cette capacit\u00e9 \u00e0 d\u00e9couvrir l\u2019autre et \u00e0 s\u2019\u00e9tonner de l\u2019autre. (<strong><a title=\"Danse (exposition)\" href=\"https:\/\/www.isalebon.fr\/?page_id=497\">l&rsquo;exposition<\/a><\/strong>)<br \/>\n<span class=\"signa\">Isabelle Lebon \/ Photographe<\/span><\/p>\n<\/div>\n","protected":false},"excerpt":{"rendered":"<p>D\u2019un pas \u00e0 l\u2019autre est une invitation \u00e0 la danse, \u00e0 l\u2019\u00e9coute d\u2019une musique\u2026 Quand Christine et Marie entra\u00eenent nos a\u00een\u00e9s dans une r\u00e9cr\u00e9ation musicale, les mains se fr\u00f4lent, les regards se croisent. (diaporama) Le temps semble plus doux quand la voix dans le haut parleur chante l\u2019amour \u2026 Et que tous reprennent en c\u0153ur [&hellip;]<\/p>\n","protected":false},"author":2,"featured_media":0,"parent":0,"menu_order":0,"comment_status":"closed","ping_status":"closed","template":"templates\/full-width-page.php","meta":{"ngg_post_thumbnail":0},"_links":{"self":[{"href":"https:\/\/www.isalebon.fr\/index.php?rest_route=\/wp\/v2\/pages\/292"}],"collection":[{"href":"https:\/\/www.isalebon.fr\/index.php?rest_route=\/wp\/v2\/pages"}],"about":[{"href":"https:\/\/www.isalebon.fr\/index.php?rest_route=\/wp\/v2\/types\/page"}],"author":[{"embeddable":true,"href":"https:\/\/www.isalebon.fr\/index.php?rest_route=\/wp\/v2\/users\/2"}],"replies":[{"embeddable":true,"href":"https:\/\/www.isalebon.fr\/index.php?rest_route=%2Fwp%2Fv2%2Fcomments&post=292"}],"version-history":[{"count":43,"href":"https:\/\/www.isalebon.fr\/index.php?rest_route=\/wp\/v2\/pages\/292\/revisions"}],"predecessor-version":[{"id":1440,"href":"https:\/\/www.isalebon.fr\/index.php?rest_route=\/wp\/v2\/pages\/292\/revisions\/1440"}],"wp:attachment":[{"href":"https:\/\/www.isalebon.fr\/index.php?rest_route=%2Fwp%2Fv2%2Fmedia&parent=292"}],"curies":[{"name":"wp","href":"https:\/\/api.w.org\/{rel}","templated":true}]}}