{"id":341,"date":"2012-08-17T01:50:06","date_gmt":"2012-08-17T00:50:06","guid":{"rendered":"https:\/\/www.isalebon.fr\/wp-isa\/?page_id=341"},"modified":"2017-03-19T17:37:14","modified_gmt":"2017-03-19T16:37:14","slug":"liens","status":"publish","type":"page","link":"https:\/\/www.isalebon.fr\/?page_id=341","title":{"rendered":"Liens"},"content":{"rendered":"<ul>\n<li>Le collectif <strong><a title=\"tetesdimpression.net\" href=\"https:\/\/www.tetesdimpression.net\/\" target=\"_blank\">T\u00eates d&rsquo;impression<\/a><\/strong> compos\u00e9 de quatre femmes photographes vous pr\u00e9sente le studio mobil&rsquo;, concept d\u00e9cal\u00e9 de photographie en studio.<\/li>\n<\/ul>\n<ul>\n<li>Le festival de l&rsquo;image<strong> <a title=\"festival-entrevoir.fr\" href=\"https:\/\/festival-entrevoir.fr\/\" target=\"_blank\">entr(e)voir<\/a><\/strong>.<\/li>\n<\/ul>\n","protected":false},"excerpt":{"rendered":"<p>Le collectif T\u00eates d&rsquo;impression compos\u00e9 de quatre femmes photographes vous pr\u00e9sente le studio mobil&rsquo;, concept d\u00e9cal\u00e9 de photographie en studio. Le festival de l&rsquo;image entr(e)voir.<\/p>\n","protected":false},"author":2,"featured_media":0,"parent":0,"menu_order":0,"comment_status":"closed","ping_status":"closed","template":"templates\/full-width-page.php","meta":{"ngg_post_thumbnail":0},"_links":{"self":[{"href":"https:\/\/www.isalebon.fr\/index.php?rest_route=\/wp\/v2\/pages\/341"}],"collection":[{"href":"https:\/\/www.isalebon.fr\/index.php?rest_route=\/wp\/v2\/pages"}],"about":[{"href":"https:\/\/www.isalebon.fr\/index.php?rest_route=\/wp\/v2\/types\/page"}],"author":[{"embeddable":true,"href":"https:\/\/www.isalebon.fr\/index.php?rest_route=\/wp\/v2\/users\/2"}],"replies":[{"embeddable":true,"href":"https:\/\/www.isalebon.fr\/index.php?rest_route=%2Fwp%2Fv2%2Fcomments&post=341"}],"version-history":[{"count":16,"href":"https:\/\/www.isalebon.fr\/index.php?rest_route=\/wp\/v2\/pages\/341\/revisions"}],"predecessor-version":[{"id":1182,"href":"https:\/\/www.isalebon.fr\/index.php?rest_route=\/wp\/v2\/pages\/341\/revisions\/1182"}],"wp:attachment":[{"href":"https:\/\/www.isalebon.fr\/index.php?rest_route=%2Fwp%2Fv2%2Fmedia&parent=341"}],"curies":[{"name":"wp","href":"https:\/\/api.w.org\/{rel}","templated":true}]}}

<ul>
<li>Le collectif <strong><a title="tetesdimpression.net" href="https://www.tetesdimpression.net/" target="_blank">Têtes d&rsquo;impression</a></strong> composé de quatre femmes photographes vous présente le studio mobil&rsquo;, concept décalé de photographie en studio.</li>
</ul>
<ul>
<li>Le festival de l&rsquo;image<strong> <a title="festival-entrevoir.fr" href="https://festival-entrevoir.fr/" target="_blank">entr(e)voir</a></strong>.</li>
</ul>

<p>Le collectif Têtes d&rsquo;impression composé de quatre femmes photographes vous présente le studio mobil&rsquo;, concept décalé de photographie en studio. Le festival de l&rsquo;image entr(e)voir.</p>
