{"id":474,"date":"2012-09-01T05:13:59","date_gmt":"2012-09-01T04:13:59","guid":{"rendered":"https:\/\/www.isalebon.fr\/wp-isa\/?page_id=474"},"modified":"2016-11-29T00:21:38","modified_gmt":"2016-11-28T23:21:38","slug":"danse-i-m-e-evreux","status":"publish","type":"page","link":"https:\/\/www.isalebon.fr\/?page_id=474","title":{"rendered":"Danse I.M.E. (Evreux)"},"content":{"rendered":"<div id=\"textphotos\"><!-- default-view.php -->\n<div\n\tclass=\"ngg-galleryoverview default-view  ngg-ajax-pagination-none\"\n\tid=\"ngg-gallery-8f7127d759aa523fdafbb9c14268b6fb-1\">\n\n\t\t<!-- Thumbnails -->\n\t\t\t\t<div id=\"ngg-image-0\" class=\"ngg-gallery-thumbnail-box \" >\n\t\t\t\t        <div class=\"ngg-gallery-thumbnail\">\n            <a href=\"https:\/\/www.isalebon.fr\/wp-isa\/wp-content\/gallery\/danseime\/danseime01.jpg\"\n               title=\"\"\n               data-src=\"https:\/\/www.isalebon.fr\/wp-isa\/wp-content\/gallery\/danseime\/danseime01.jpg\"\n               data-thumbnail=\"https:\/\/www.isalebon.fr\/wp-isa\/wp-content\/gallery\/danseime\/thumbs\/thumbs_danseime01.jpg\"\n               data-image-id=\"298\"\n               data-title=\"danseime01\"\n               data-description=\"\"\n               data-image-slug=\"danseime01\"\n               >\n                <img\n                    title=\"danseime01\"\n                    alt=\"danseime01\"\n                    src=\"https:\/\/www.isalebon.fr\/wp-isa\/wp-content\/gallery\/danseime\/thumbs\/thumbs_danseime01.jpg\"\n                    width=\"150\"\n                    height=\"150\"\n                    style=\"max-width:100%;\"\n                \/>\n            <\/a>\n        <\/div>\n\t\t\t\t\t\t\t<\/div> \n\t\t\t\n\t\t\t\t<div id=\"ngg-image-1\" class=\"ngg-gallery-thumbnail-box \" >\n\t\t\t\t        <div class=\"ngg-gallery-thumbnail\">\n            <a href=\"https:\/\/www.isalebon.fr\/wp-isa\/wp-content\/gallery\/danseime\/danseime02.jpg\"\n               title=\"\"\n               data-src=\"https:\/\/www.isalebon.fr\/wp-isa\/wp-content\/gallery\/danseime\/danseime02.jpg\"\n               data-thumbnail=\"https:\/\/www.isalebon.fr\/wp-isa\/wp-content\/gallery\/danseime\/thumbs\/thumbs_danseime02.jpg\"\n               data-image-id=\"299\"\n               data-title=\"danseime02\"\n               data-description=\"\"\n               data-image-slug=\"danseime02\"\n               >\n                <img\n                    title=\"danseime02\"\n                    alt=\"danseime02\"\n                    src=\"https:\/\/www.isalebon.fr\/wp-isa\/wp-content\/gallery\/danseime\/thumbs\/thumbs_danseime02.jpg\"\n                    width=\"150\"\n                    height=\"150\"\n                    style=\"max-width:100%;\"\n                \/>\n            <\/a>\n        <\/div>\n\t\t\t\t\t\t\t<\/div> \n\t\t\t\n\t\t\t\t<div id=\"ngg-image-2\" class=\"ngg-gallery-thumbnail-box \" >\n\t\t\t\t        <div class=\"ngg-gallery-thumbnail\">\n            <a href=\"https:\/\/www.isalebon.fr\/wp-isa\/wp-content\/gallery\/danseime\/danseime03.jpg\"\n               title=\"\"\n               data-src=\"https:\/\/www.isalebon.fr\/wp-isa\/wp-content\/gallery\/danseime\/danseime03.jpg\"\n               data-thumbnail=\"https:\/\/www.isalebon.fr\/wp-isa\/wp-content\/gallery\/danseime\/thumbs\/thumbs_danseime03.jpg\"\n               data-image-id=\"300\"\n               data-title=\"danseime03\"\n               data-description=\"\"\n               data-image-slug=\"danseime03\"\n               >\n                <img\n                    title=\"danseime03\"\n                    alt=\"danseime03\"\n                    src=\"https:\/\/www.isalebon.fr\/wp-isa\/wp-content\/gallery\/danseime\/thumbs\/thumbs_danseime03.jpg\"\n                    width=\"150\"\n                    height=\"150\"\n                    style=\"max-width:100%;\"\n                \/>\n            <\/a>\n        <\/div>\n\t\t\t\t\t\t\t<\/div> \n\t\t\t\n\t\t\t\t<div id=\"ngg-image-3\" class=\"ngg-gallery-thumbnail-box \" >\n\t\t\t\t        <div class=\"ngg-gallery-thumbnail\">\n            <a href=\"https:\/\/www.isalebon.fr\/wp-isa\/wp-content\/gallery\/danseime\/danseime04.jpg\"\n               title=\"\"\n               data-src=\"https:\/\/www.isalebon.fr\/wp-isa\/wp-content\/gallery\/danseime\/danseime04.jpg\"\n               data-thumbnail=\"https:\/\/www.isalebon.fr\/wp-isa\/wp-content\/gallery\/danseime\/thumbs\/thumbs_danseime04.jpg\"\n               data-image-id=\"301\"\n               data-title=\"danseime04\"\n               data-description=\"\"\n               data-image-slug=\"danseime04\"\n               >\n                <img\n                    title=\"danseime04\"\n                    alt=\"danseime04\"\n                    src=\"https:\/\/www.isalebon.fr\/wp-isa\/wp-content\/gallery\/danseime\/thumbs\/thumbs_danseime04.jpg\"\n                    width=\"150\"\n                    height=\"150\"\n                    style=\"max-width:100%;\"\n                \/>\n            <\/a>\n        <\/div>\n\t\t\t\t\t\t\t<\/div> \n\t\t\t\n\t\t\t\t<div id=\"ngg-image-4\" class=\"ngg-gallery-thumbnail-box \" >\n\t\t\t\t        <div class=\"ngg-gallery-thumbnail\">\n            <a href=\"https:\/\/www.isalebon.fr\/wp-isa\/wp-content\/gallery\/danseime\/danseime05.jpg\"\n               title=\"\"\n               data-src=\"https:\/\/www.isalebon.fr\/wp-isa\/wp-content\/gallery\/danseime\/danseime05.jpg\"\n               data-thumbnail=\"https:\/\/www.isalebon.fr\/wp-isa\/wp-content\/gallery\/danseime\/thumbs\/thumbs_danseime05.jpg\"\n               data-image-id=\"302\"\n               data-title=\"danseime05\"\n               data-description=\"\"\n               data-image-slug=\"danseime05\"\n               >\n                <img\n                    title=\"danseime05\"\n                    alt=\"danseime05\"\n                    src=\"https:\/\/www.isalebon.fr\/wp-isa\/wp-content\/gallery\/danseime\/thumbs\/thumbs_danseime05.jpg\"\n                    width=\"150\"\n                    height=\"150\"\n                    style=\"max-width:100%;\"\n                \/>\n            <\/a>\n        <\/div>\n\t\t\t\t\t\t\t<\/div> \n\t\t\t\n\t\t\t\t<div id=\"ngg-image-5\" class=\"ngg-gallery-thumbnail-box \" >\n\t\t\t\t        <div class=\"ngg-gallery-thumbnail\">\n            <a href=\"https:\/\/www.isalebon.fr\/wp-isa\/wp-content\/gallery\/danseime\/danseime06.jpg\"\n               title=\"\"\n               data-src=\"https:\/\/www.isalebon.fr\/wp-isa\/wp-content\/gallery\/danseime\/danseime06.jpg\"\n               data-thumbnail=\"https:\/\/www.isalebon.fr\/wp-isa\/wp-content\/gallery\/danseime\/thumbs\/thumbs_danseime06.jpg\"\n               data-image-id=\"303\"\n               data-title=\"danseime06\"\n               data-description=\"\"\n               data-image-slug=\"danseime06\"\n               >\n                <img\n                    title=\"danseime06\"\n                    alt=\"danseime06\"\n                    src=\"https:\/\/www.isalebon.fr\/wp-isa\/wp-content\/gallery\/danseime\/thumbs\/thumbs_danseime06.jpg\"\n                    width=\"150\"\n                    height=\"150\"\n                    style=\"max-width:100%;\"\n                \/>\n            <\/a>\n        <\/div>\n\t\t\t\t\t\t\t<\/div> \n\t\t\t\n\t\t\t\t<div id=\"ngg-image-6\" class=\"ngg-gallery-thumbnail-box \" >\n\t\t\t\t        <div class=\"ngg-gallery-thumbnail\">\n            <a href=\"https:\/\/www.isalebon.fr\/wp-isa\/wp-content\/gallery\/danseime\/danseime07.jpg\"\n               title=\"\"\n               data-src=\"https:\/\/www.isalebon.fr\/wp-isa\/wp-content\/gallery\/danseime\/danseime07.jpg\"\n               data-thumbnail=\"https:\/\/www.isalebon.fr\/wp-isa\/wp-content\/gallery\/danseime\/thumbs\/thumbs_danseime07.jpg\"\n               data-image-id=\"304\"\n               data-title=\"danseime07\"\n               data-description=\"\"\n               data-image-slug=\"danseime07\"\n               >\n                <img\n                    title=\"danseime07\"\n                    alt=\"danseime07\"\n                    src=\"https:\/\/www.isalebon.fr\/wp-isa\/wp-content\/gallery\/danseime\/thumbs\/thumbs_danseime07.jpg\"\n                    width=\"150\"\n                    height=\"150\"\n                    style=\"max-width:100%;\"\n                \/>\n            <\/a>\n        <\/div>\n\t\t\t\t\t\t\t<\/div> \n\t\t\t\n\t\t\t\t<div id=\"ngg-image-7\" class=\"ngg-gallery-thumbnail-box \" >\n\t\t\t\t        <div class=\"ngg-gallery-thumbnail\">\n            <a href=\"https:\/\/www.isalebon.fr\/wp-isa\/wp-content\/gallery\/danseime\/danseime08.jpg\"\n               title=\"\"\n               data-src=\"https:\/\/www.isalebon.fr\/wp-isa\/wp-content\/gallery\/danseime\/danseime08.jpg\"\n               data-thumbnail=\"https:\/\/www.isalebon.fr\/wp-isa\/wp-content\/gallery\/danseime\/thumbs\/thumbs_danseime08.jpg\"\n               data-image-id=\"305\"\n               data-title=\"danseime08\"\n               data-description=\"\"\n               data-image-slug=\"danseime08\"\n               >\n                <img\n                    title=\"danseime08\"\n                    alt=\"danseime08\"\n                    src=\"https:\/\/www.isalebon.fr\/wp-isa\/wp-content\/gallery\/danseime\/thumbs\/thumbs_danseime08.jpg\"\n                    width=\"150\"\n                    height=\"150\"\n                    style=\"max-width:100%;\"\n                \/>\n            <\/a>\n        <\/div>\n\t\t\t\t\t\t\t<\/div> \n\t\t\t\n\t\t\t\t<div id=\"ngg-image-8\" class=\"ngg-gallery-thumbnail-box \" >\n\t\t\t\t        <div class=\"ngg-gallery-thumbnail\">\n            <a href=\"https:\/\/www.isalebon.fr\/wp-isa\/wp-content\/gallery\/danseime\/danseime09.jpg\"\n               title=\"\"\n               data-src=\"https:\/\/www.isalebon.fr\/wp-isa\/wp-content\/gallery\/danseime\/danseime09.jpg\"\n               data-thumbnail=\"https:\/\/www.isalebon.fr\/wp-isa\/wp-content\/gallery\/danseime\/thumbs\/thumbs_danseime09.jpg\"\n               data-image-id=\"306\"\n               data-title=\"danseime09\"\n               data-description=\"\"\n               data-image-slug=\"danseime09\"\n               >\n                <img\n                    title=\"danseime09\"\n                    alt=\"danseime09\"\n                    src=\"https:\/\/www.isalebon.fr\/wp-isa\/wp-content\/gallery\/danseime\/thumbs\/thumbs_danseime09.jpg\"\n                    width=\"150\"\n                    height=\"150\"\n                    style=\"max-width:100%;\"\n                \/>\n            <\/a>\n        <\/div>\n\t\t\t\t\t\t\t<\/div> \n\t\t\t\n\t\t\t\t<div id=\"ngg-image-9\" class=\"ngg-gallery-thumbnail-box \" >\n\t\t\t\t        <div class=\"ngg-gallery-thumbnail\">\n            <a href=\"https:\/\/www.isalebon.fr\/wp-isa\/wp-content\/gallery\/danseime\/danseime10.jpg\"\n               title=\"\"\n               data-src=\"https:\/\/www.isalebon.fr\/wp-isa\/wp-content\/gallery\/danseime\/danseime10.jpg\"\n               data-thumbnail=\"https:\/\/www.isalebon.fr\/wp-isa\/wp-content\/gallery\/danseime\/thumbs\/thumbs_danseime10.jpg\"\n               data-image-id=\"307\"\n               data-title=\"danseime10\"\n               data-description=\"\"\n               data-image-slug=\"danseime10\"\n               >\n                <img\n                    title=\"danseime10\"\n                    alt=\"danseime10\"\n                    src=\"https:\/\/www.isalebon.fr\/wp-isa\/wp-content\/gallery\/danseime\/thumbs\/thumbs_danseime10.jpg\"\n                    width=\"150\"\n                    height=\"150\"\n                    style=\"max-width:100%;\"\n                \/>\n            <\/a>\n        <\/div>\n\t\t\t\t\t\t\t<\/div> \n\t\t\t\n\t\t\t\t<div id=\"ngg-image-10\" class=\"ngg-gallery-thumbnail-box \" >\n\t\t\t\t        <div class=\"ngg-gallery-thumbnail\">\n            <a href=\"https:\/\/www.isalebon.fr\/wp-isa\/wp-content\/gallery\/danseime\/danseime11.jpg\"\n               title=\"\"\n               data-src=\"https:\/\/www.isalebon.fr\/wp-isa\/wp-content\/gallery\/danseime\/danseime11.jpg\"\n               data-thumbnail=\"https:\/\/www.isalebon.fr\/wp-isa\/wp-content\/gallery\/danseime\/thumbs\/thumbs_danseime11.jpg\"\n               data-image-id=\"308\"\n               data-title=\"danseime11\"\n               data-description=\"\"\n               data-image-slug=\"danseime11\"\n               >\n                <img\n                    title=\"danseime11\"\n                    alt=\"danseime11\"\n                    src=\"https:\/\/www.isalebon.fr\/wp-isa\/wp-content\/gallery\/danseime\/thumbs\/thumbs_danseime11.jpg\"\n                    width=\"150\"\n                    height=\"150\"\n                    style=\"max-width:100%;\"\n                \/>\n            <\/a>\n        <\/div>\n\t\t\t\t\t\t\t<\/div> \n\t\t\t\n\t\t\t\t<div id=\"ngg-image-11\" class=\"ngg-gallery-thumbnail-box \" >\n\t\t\t\t        <div class=\"ngg-gallery-thumbnail\">\n            <a href=\"https:\/\/www.isalebon.fr\/wp-isa\/wp-content\/gallery\/danseime\/danseime12.jpg\"\n               title=\"\"\n               data-src=\"https:\/\/www.isalebon.fr\/wp-isa\/wp-content\/gallery\/danseime\/danseime12.jpg\"\n               data-thumbnail=\"https:\/\/www.isalebon.fr\/wp-isa\/wp-content\/gallery\/danseime\/thumbs\/thumbs_danseime12.jpg\"\n               data-image-id=\"309\"\n               data-title=\"danseime12\"\n               data-description=\"\"\n               data-image-slug=\"danseime12\"\n               >\n                <img\n                    title=\"danseime12\"\n                    alt=\"danseime12\"\n                    src=\"https:\/\/www.isalebon.fr\/wp-isa\/wp-content\/gallery\/danseime\/thumbs\/thumbs_danseime12.jpg\"\n                    width=\"150\"\n                    height=\"150\"\n                    style=\"max-width:100%;\"\n                \/>\n            <\/a>\n        <\/div>\n\t\t\t\t\t\t\t<\/div> \n\t\t\t\n\t\t\t\t<div id=\"ngg-image-12\" class=\"ngg-gallery-thumbnail-box \" >\n\t\t\t\t        <div class=\"ngg-gallery-thumbnail\">\n            <a href=\"https:\/\/www.isalebon.fr\/wp-isa\/wp-content\/gallery\/danseime\/danseime13.jpg\"\n               title=\"\"\n               data-src=\"https:\/\/www.isalebon.fr\/wp-isa\/wp-content\/gallery\/danseime\/danseime13.jpg\"\n               data-thumbnail=\"https:\/\/www.isalebon.fr\/wp-isa\/wp-content\/gallery\/danseime\/thumbs\/thumbs_danseime13.jpg\"\n               data-image-id=\"310\"\n               data-title=\"danseime13\"\n               data-description=\"\"\n               data-image-slug=\"danseime13\"\n               >\n                <img\n                    title=\"danseime13\"\n                    alt=\"danseime13\"\n                    src=\"https:\/\/www.isalebon.fr\/wp-isa\/wp-content\/gallery\/danseime\/thumbs\/thumbs_danseime13.jpg\"\n                    width=\"150\"\n                    height=\"150\"\n                    style=\"max-width:100%;\"\n                \/>\n            <\/a>\n        <\/div>\n\t\t\t\t\t\t\t<\/div> \n\t\t\t\n\t\t\t\t<div id=\"ngg-image-13\" class=\"ngg-gallery-thumbnail-box \" >\n\t\t\t\t        <div class=\"ngg-gallery-thumbnail\">\n            <a href=\"https:\/\/www.isalebon.fr\/wp-isa\/wp-content\/gallery\/danseime\/danseime14.jpg\"\n               title=\"\"\n               data-src=\"https:\/\/www.isalebon.fr\/wp-isa\/wp-content\/gallery\/danseime\/danseime14.jpg\"\n               data-thumbnail=\"https:\/\/www.isalebon.fr\/wp-isa\/wp-content\/gallery\/danseime\/thumbs\/thumbs_danseime14.jpg\"\n               data-image-id=\"311\"\n               data-title=\"danseime14\"\n               data-description=\"\"\n               data-image-slug=\"danseime14\"\n               >\n                <img\n                    title=\"danseime14\"\n                    alt=\"danseime14\"\n                    src=\"https:\/\/www.isalebon.fr\/wp-isa\/wp-content\/gallery\/danseime\/thumbs\/thumbs_danseime14.jpg\"\n                    width=\"150\"\n                    height=\"150\"\n                    style=\"max-width:100%;\"\n                \/>\n            <\/a>\n        <\/div>\n\t\t\t\t\t\t\t<\/div> \n\t\t\t\n\t\t\t\t<div id=\"ngg-image-14\" class=\"ngg-gallery-thumbnail-box \" >\n\t\t\t\t        <div class=\"ngg-gallery-thumbnail\">\n            <a href=\"https:\/\/www.isalebon.fr\/wp-isa\/wp-content\/gallery\/danseime\/danseime15.jpg\"\n               title=\"\"\n               data-src=\"https:\/\/www.isalebon.fr\/wp-isa\/wp-content\/gallery\/danseime\/danseime15.jpg\"\n               data-thumbnail=\"https:\/\/www.isalebon.fr\/wp-isa\/wp-content\/gallery\/danseime\/thumbs\/thumbs_danseime15.jpg\"\n               data-image-id=\"312\"\n               data-title=\"danseime15\"\n               data-description=\"\"\n               data-image-slug=\"danseime15\"\n               >\n                <img\n                    title=\"danseime15\"\n                    alt=\"danseime15\"\n                    src=\"https:\/\/www.isalebon.fr\/wp-isa\/wp-content\/gallery\/danseime\/thumbs\/thumbs_danseime15.jpg\"\n                    width=\"150\"\n                    height=\"150\"\n                    style=\"max-width:100%;\"\n                \/>\n            <\/a>\n        <\/div>\n\t\t\t\t\t\t\t<\/div> \n\t\t\t\n\t\t\t\t<div id=\"ngg-image-15\" class=\"ngg-gallery-thumbnail-box \" >\n\t\t\t\t        <div class=\"ngg-gallery-thumbnail\">\n            <a href=\"https:\/\/www.isalebon.fr\/wp-isa\/wp-content\/gallery\/danseime\/danseime16.jpg\"\n               title=\"\"\n               data-src=\"https:\/\/www.isalebon.fr\/wp-isa\/wp-content\/gallery\/danseime\/danseime16.jpg\"\n               data-thumbnail=\"https:\/\/www.isalebon.fr\/wp-isa\/wp-content\/gallery\/danseime\/thumbs\/thumbs_danseime16.jpg\"\n               data-image-id=\"313\"\n               data-title=\"danseime16\"\n               data-description=\"\"\n               data-image-slug=\"danseime16\"\n               >\n                <img\n                    title=\"danseime16\"\n                    alt=\"danseime16\"\n                    src=\"https:\/\/www.isalebon.fr\/wp-isa\/wp-content\/gallery\/danseime\/thumbs\/thumbs_danseime16.jpg\"\n                    width=\"150\"\n                    height=\"150\"\n                    style=\"max-width:100%;\"\n                \/>\n            <\/a>\n        <\/div>\n\t\t\t\t\t\t\t<\/div> \n\t\t\t\n\t\t\t\t<div id=\"ngg-image-16\" class=\"ngg-gallery-thumbnail-box \" >\n\t\t\t\t        <div class=\"ngg-gallery-thumbnail\">\n            <a href=\"https:\/\/www.isalebon.fr\/wp-isa\/wp-content\/gallery\/danseime\/danseime17.jpg\"\n               title=\"\"\n               data-src=\"https:\/\/www.isalebon.fr\/wp-isa\/wp-content\/gallery\/danseime\/danseime17.jpg\"\n               data-thumbnail=\"https:\/\/www.isalebon.fr\/wp-isa\/wp-content\/gallery\/danseime\/thumbs\/thumbs_danseime17.jpg\"\n               data-image-id=\"314\"\n               data-title=\"danseime17\"\n               data-description=\"\"\n               data-image-slug=\"danseime17\"\n               >\n                <img\n                    title=\"danseime17\"\n                    alt=\"danseime17\"\n                    src=\"https:\/\/www.isalebon.fr\/wp-isa\/wp-content\/gallery\/danseime\/thumbs\/thumbs_danseime17.jpg\"\n                    width=\"150\"\n                    height=\"150\"\n                    style=\"max-width:100%;\"\n                \/>\n            <\/a>\n        <\/div>\n\t\t\t\t\t\t\t<\/div> \n\t\t\t\n\t\t\t\t<div id=\"ngg-image-17\" class=\"ngg-gallery-thumbnail-box \" >\n\t\t\t\t        <div class=\"ngg-gallery-thumbnail\">\n            <a href=\"https:\/\/www.isalebon.fr\/wp-isa\/wp-content\/gallery\/danseime\/danseime18.jpg\"\n               title=\"\"\n               data-src=\"https:\/\/www.isalebon.fr\/wp-isa\/wp-content\/gallery\/danseime\/danseime18.jpg\"\n               data-thumbnail=\"https:\/\/www.isalebon.fr\/wp-isa\/wp-content\/gallery\/danseime\/thumbs\/thumbs_danseime18.jpg\"\n               data-image-id=\"315\"\n               data-title=\"danseime18\"\n               data-description=\"\"\n               data-image-slug=\"danseime18\"\n               >\n                <img\n                    title=\"danseime18\"\n                    alt=\"danseime18\"\n                    src=\"https:\/\/www.isalebon.fr\/wp-isa\/wp-content\/gallery\/danseime\/thumbs\/thumbs_danseime18.jpg\"\n                    width=\"150\"\n                    height=\"150\"\n                    style=\"max-width:100%;\"\n                \/>\n            <\/a>\n        <\/div>\n\t\t\t\t\t\t\t<\/div> \n\t\t\t\n\t\t\t\t<div id=\"ngg-image-18\" class=\"ngg-gallery-thumbnail-box \" >\n\t\t\t\t        <div class=\"ngg-gallery-thumbnail\">\n            <a href=\"https:\/\/www.isalebon.fr\/wp-isa\/wp-content\/gallery\/danseime\/danseime19.jpg\"\n               title=\"\"\n               data-src=\"https:\/\/www.isalebon.fr\/wp-isa\/wp-content\/gallery\/danseime\/danseime19.jpg\"\n               data-thumbnail=\"https:\/\/www.isalebon.fr\/wp-isa\/wp-content\/gallery\/danseime\/thumbs\/thumbs_danseime19.jpg\"\n               data-image-id=\"316\"\n               data-title=\"danseime19\"\n               data-description=\"\"\n               data-image-slug=\"danseime19\"\n               >\n                <img\n                    title=\"danseime19\"\n                    alt=\"danseime19\"\n                    src=\"https:\/\/www.isalebon.fr\/wp-isa\/wp-content\/gallery\/danseime\/thumbs\/thumbs_danseime19.jpg\"\n                    width=\"150\"\n                    height=\"150\"\n                    style=\"max-width:100%;\"\n                \/>\n            <\/a>\n        <\/div>\n\t\t\t\t\t\t\t<\/div> \n\t\t\t\n\t\t\t\t<div id=\"ngg-image-19\" class=\"ngg-gallery-thumbnail-box \" >\n\t\t\t\t        <div class=\"ngg-gallery-thumbnail\">\n            <a href=\"https:\/\/www.isalebon.fr\/wp-isa\/wp-content\/gallery\/danseime\/danseime20.jpg\"\n               title=\"\"\n               data-src=\"https:\/\/www.isalebon.fr\/wp-isa\/wp-content\/gallery\/danseime\/danseime20.jpg\"\n               data-thumbnail=\"https:\/\/www.isalebon.fr\/wp-isa\/wp-content\/gallery\/danseime\/thumbs\/thumbs_danseime20.jpg\"\n               data-image-id=\"317\"\n               data-title=\"danseime20\"\n               data-description=\"\"\n               data-image-slug=\"danseime20\"\n               >\n                <img\n                    title=\"danseime20\"\n                    alt=\"danseime20\"\n                    src=\"https:\/\/www.isalebon.fr\/wp-isa\/wp-content\/gallery\/danseime\/thumbs\/thumbs_danseime20.jpg\"\n                    width=\"150\"\n                    height=\"150\"\n                    style=\"max-width:100%;\"\n                \/>\n            <\/a>\n        <\/div>\n\t\t\t\t\t\t\t<\/div> \n\t\t\t\n\t\t\t\t<div id=\"ngg-image-20\" class=\"ngg-gallery-thumbnail-box \" >\n\t\t\t\t        <div class=\"ngg-gallery-thumbnail\">\n            <a href=\"https:\/\/www.isalebon.fr\/wp-isa\/wp-content\/gallery\/danseime\/danseime21.jpg\"\n               title=\"\"\n               data-src=\"https:\/\/www.isalebon.fr\/wp-isa\/wp-content\/gallery\/danseime\/danseime21.jpg\"\n               data-thumbnail=\"https:\/\/www.isalebon.fr\/wp-isa\/wp-content\/gallery\/danseime\/thumbs\/thumbs_danseime21.jpg\"\n               data-image-id=\"318\"\n               data-title=\"danseime21\"\n               data-description=\"\"\n               data-image-slug=\"danseime21\"\n               >\n                <img\n                    title=\"danseime21\"\n                    alt=\"danseime21\"\n                    src=\"https:\/\/www.isalebon.fr\/wp-isa\/wp-content\/gallery\/danseime\/thumbs\/thumbs_danseime21.jpg\"\n                    width=\"150\"\n                    height=\"150\"\n                    style=\"max-width:100%;\"\n                \/>\n            <\/a>\n        <\/div>\n\t\t\t\t\t\t\t<\/div> \n\t\t\t\n\t\n\t<br style=\"clear: both\" \/>\n\n\t\n\t\t<div class=\"ngg-clear\"><\/div>\n\t<\/div>\n<\/div>\n<div id=\"textext\"><span class=\"entetexte\">D\u00e9velopper la socialisation par la rencontre des personnes.<\/span><\/p>\n<p>Mieux vivre le handicap avec les autres \u00e0 travers la relation, c\u2019est oublier les st\u00e9r\u00e9otypies (gestuelles et verbales), de voir l\u2019autre autrement et de l\u2019accepter en tant qu\u2019identit\u00e9 propre.<\/p>\n<p>Le langage \u00e0 travers la relation&#8230;<\/p>\n<p>Quel regard portera le groupe sur cette part d\u2019\u00e9motion  qui passera \u00e9galement par la danse ?<br \/>\nQuel regard porte-il sur eux-m\u00eames ?<\/p>\n<p>Le portrait qui est de tous les genres photographiques, celui qui s\u2019attache \u00e0 capter ce qu\u2019il ya de plus myst\u00e9rieux : l\u2019expression d\u2019un visage.<br \/>\nLes enfants se mettent en sc\u00e8ne.<\/p>\n<p>Vivre l\u2019handicap avec l\u2019autre \u00e0 travers la rencontre et la relation, \u00eatre vu autrement pour \u00eatre accept\u00e9 en tant qu\u2019identit\u00e9 propre et pouvoir devenir un citoyen reconnu par tous n\u2019est pas une \u00e9vidence.<br \/>\nLe portrait permet de ne plus se r\u00e9v\u00e9ler seul mais se r\u00e9v\u00e9ler avec l\u2019autre\u2026<\/p>\n<p>Partir \u00e0 la rencontre de l\u2019autre avec l\u2019appareil photographique et le cadre.<br \/>\nLe cadre est le fil conducteur depuis le d\u00e9but du projet. Il permet  de visualiser le sujet et l\u2019espace, de mettre en sc\u00e8ne\u2026<br \/>\n<span class=\"signa\">Isabelle Lebon \/ Photographe<\/span>\n<\/div>\n","protected":false},"excerpt":{"rendered":"<p>D\u00e9velopper la socialisation par la rencontre des personnes. Mieux vivre le handicap avec les autres \u00e0 travers la relation, c\u2019est oublier les st\u00e9r\u00e9otypies (gestuelles et verbales), de voir l\u2019autre autrement et de l\u2019accepter en tant qu\u2019identit\u00e9 propre. Le langage \u00e0 travers la relation&#8230; Quel regard portera le groupe sur cette part d\u2019\u00e9motion qui passera \u00e9galement [&hellip;]<\/p>\n","protected":false},"author":2,"featured_media":0,"parent":0,"menu_order":0,"comment_status":"closed","ping_status":"closed","template":"templates\/full-width-page.php","meta":{"ngg_post_thumbnail":0},"_links":{"self":[{"href":"https:\/\/www.isalebon.fr\/index.php?rest_route=\/wp\/v2\/pages\/474"}],"collection":[{"href":"https:\/\/www.isalebon.fr\/index.php?rest_route=\/wp\/v2\/pages"}],"about":[{"href":"https:\/\/www.isalebon.fr\/index.php?rest_route=\/wp\/v2\/types\/page"}],"author":[{"embeddable":true,"href":"https:\/\/www.isalebon.fr\/index.php?rest_route=\/wp\/v2\/users\/2"}],"replies":[{"embeddable":true,"href":"https:\/\/www.isalebon.fr\/index.php?rest_route=%2Fwp%2Fv2%2Fcomments&post=474"}],"version-history":[{"count":11,"href":"https:\/\/www.isalebon.fr\/index.php?rest_route=\/wp\/v2\/pages\/474\/revisions"}],"predecessor-version":[{"id":1126,"href":"https:\/\/www.isalebon.fr\/index.php?rest_route=\/wp\/v2\/pages\/474\/revisions\/1126"}],"wp:attachment":[{"href":"https:\/\/www.isalebon.fr\/index.php?rest_route=%2Fwp%2Fv2%2Fmedia&parent=474"}],"curies":[{"name":"wp","href":"https:\/\/api.w.org\/{rel}","templated":true}]}}